{"id":1034,"date":"2025-07-24T23:21:31","date_gmt":"2025-07-24T21:21:31","guid":{"rendered":"https:\/\/emerpolska.pl\/index.php\/produkt\/elektrozawor-cpv14-m1h-2x3-gls-1-8-161362-festo\/"},"modified":"2025-08-05T12:11:17","modified_gmt":"2025-08-05T10:11:17","slug":"elektrozawor-cpv14-m1h-2x3-gls-1-8-161362-festo","status":"publish","type":"product","link":"https:\/\/emerpolska.pl\/index.php\/produkt\/elektrozawor-cpv14-m1h-2x3-gls-1-8-161362-festo\/","title":{"rendered":"Elektrozaw\u00f3r CPV14-M1H-2X3-GLS-1\/8 (161362), Festo"},"content":{"rendered":"<p>&nbsp;<\/p>\n<h1>Elektrozaw\u00f3r do pneumatyki<\/h1>\n<p>Elektrozawory festo to jedne z cz\u0119\u015bciej stosowanych w pneumatyce. W ofercie posiadamy wszystkie mo\u017cliwe wersj\u0119. Zawory cechuj\u0105 si\u0119 wysokimi przep\u0142ywami oraz d\u0142ug\u0105 \u017cywotno\u015bci\u0105. W ofercie posiadamy kompleksow\u0105 ofert\u0119 Festo.<\/p>\n<p>Kod produktu: CPV14-M1H-2X3-GLS-1\/8 (161362),<\/p>\n<p>Waga 0,125 kg<\/p>\n<p>Ci\u015bnienie robocze -0,9 do 10 bar<\/p>\n<p>\u015arednica nominalna DN 6 mm<\/p>\n<p>Rodzaj ochrony IP65<\/p>\n<p>Ci\u015bnienie steruj\u0105ce 3 bis 8 Bar<\/p>\n<p>Funkcja zaworu 3\/2 monostabilny<\/p>\n<p>Rodzaj sterowania elektryczny<\/p>\n<p>Przep\u0142yw nominalny 800 l\/min<\/p>\n<p>Powr\u00f3t do po\u0142o\u017cenia stabilnego pneumatyczny<\/p>\n<p>Pozycja monta\u017cowa dowolny<\/p>\n<p>Sterowanie r\u0119czne<\/p>\n<p>Odmiana sterowania wysterowanie wstepne<\/p>\n<p>Spos\u00f3b zasilania zawor\u00f3w wspomagaj\u0105cych zewn\u0119trzny<\/p>\n<p>Kana\u0142y bez przekrycia tak<\/p>\n<p>b &#8211; warto\u015b\u0107 0,42<\/p>\n<p>C &#8211; warto\u015b\u0107 3,20 l\/sbar<\/p>\n<p>Czas wy\u0142\u0105czania 30 ms<\/p>\n<p>Czas w\u0142\u0105czania 24,0 ms<\/p>\n<p>Medium robocze powiterze ISO 8573-1:2010 [7:4:4]<\/p>\n<p>Klasa odporno\u015bci na korozj\u0119 KBK 2<\/p>\n<p>Temperatura medium roboczego -5 bis 50 \u00b0C<\/p>\n<p>Temperatura otoczenia -5 bis 50 \u00b0C<\/p>\n<p>Waga produktu 120 g<\/p>\n<p>Przy\u0142\u0105cze pneumatyczne 1<\/p>\n<p>Przy\u0142\u0105cze pneumatyczne 2 G1\/8<\/p>\n<p>Przy\u0142\u0105cze pneumatyczne 4 G1\/8<\/p>\n<p>Uwaga dotycz\u0105ca materia\u0142\u00f3w RoHS konform<\/p>\n<p>Materia\u0142 uszczelnie\u0144 HNBRNBR<\/p>\n<p>Materia\u0142 obudowy Aluminium- Stal nierdzewna<\/p>\n<p>ATEX-Kategoria Gaz II 3G Ex-Ochrona przeciwwybuchowa Gaz Ex nA IIC T4 X Gc<\/p>\n<p>Certyfikacja ochrony przeciwwybuchowej poza Uni\u0105 Europejsk\u0105<\/p>\n<p>Ex-Temperatura otoczenia -5\u00b0C &lt;= Ta &lt;= +50\u00b0C<\/p>\n<p>Znak CE (patrz deklaracja zgodno\u015bci)<\/p>\n<p>temperatura sk\u0142adowania -20 bis 40 \u00b0C<\/p>\n<p>Czas pracy ci\u0105g\u0142ej 100%<\/p>\n<p>Zu\u017cycie energii elektrycznej 0,65 W<\/p>\n<p>&nbsp;<\/p>\n","protected":false},"excerpt":{"rendered":"<p>&nbsp; Elektrozaw\u00f3r do pneumatyki Elektrozawory festo to jedne z cz\u0119\u015bciej stosowanych w pneumatyce. W ofercie posiadamy wszystkie mo\u017cliwe wersj\u0119. Zawory cechuj\u0105 si\u0119 wysokimi przep\u0142ywami oraz d\u0142ug\u0105 \u017cywotno\u015bci\u0105. W ofercie posiadamy kompleksow\u0105 ofert\u0119 Festo. Kod produktu: CPV14-M1H-2X3-GLS-1\/8 (161362), Waga 0,125 kg Ci\u015bnienie robocze -0,9 do 10 bar \u015arednica nominalna DN 6 mm Rodzaj ochrony IP65 Ci\u015bnienie [&hellip;]<\/p>\n","protected":false},"featured_media":1506,"comment_status":"closed","ping_status":"closed","template":"","meta":[],"product_brand":[68],"product_cat":[48],"product_tag":[],"class_list":{"0":"post-1034","1":"product","2":"type-product","3":"status-publish","4":"has-post-thumbnail","6":"product_brand-festo","7":"product_cat-pneumatyka-121447","9":"first","10":"instock","11":"taxable","12":"shipping-taxable","13":"purchasable","14":"product-type-simple"},"yoast_head":"<!-- This site is optimized with the Yoast SEO plugin v27.0 - https:\/\/yoast.com\/product\/yoast-seo-wordpress\/ -->\n<title>Elektrozaw\u00f3r CPV14-M1H-2X3-GLS-1\/8 (161362), Festo - EMER Polska<\/title>\n<meta name=\"robots\" content=\"index, follow, max-snippet:-1, max-image-preview:large, max-video-preview:-1\" \/>\n<link rel=\"canonical\" href=\"https:\/\/emerpolska.pl\/index.php\/produkt\/elektrozawor-cpv14-m1h-2x3-gls-1-8-161362-festo\/\" \/>\n<meta property=\"og:locale\" content=\"pl_PL\" \/>\n<meta property=\"og:type\" content=\"article\" \/>\n<meta property=\"og:title\" content=\"Elektrozaw\u00f3r CPV14-M1H-2X3-GLS-1\/8 (161362), Festo - EMER Polska\" \/>\n<meta property=\"og:description\" content=\"&nbsp; Elektrozaw\u00f3r do pneumatyki Elektrozawory festo to jedne z cz\u0119\u015bciej stosowanych w pneumatyce. W ofercie posiadamy wszystkie mo\u017cliwe wersj\u0119. Zawory cechuj\u0105 si\u0119 wysokimi przep\u0142ywami oraz d\u0142ug\u0105 \u017cywotno\u015bci\u0105. W ofercie posiadamy kompleksow\u0105 ofert\u0119 Festo. Kod produktu: CPV14-M1H-2X3-GLS-1\/8 (161362), Waga 0,125 kg Ci\u015bnienie robocze -0,9 do 10 bar \u015arednica nominalna DN 6 mm Rodzaj ochrony IP65 Ci\u015bnienie [&hellip;]\" \/>\n<meta property=\"og:url\" content=\"https:\/\/emerpolska.pl\/index.php\/produkt\/elektrozawor-cpv14-m1h-2x3-gls-1-8-161362-festo\/\" \/>\n<meta property=\"og:site_name\" content=\"EMER Polska\" \/>\n<meta property=\"article:modified_time\" content=\"2025-08-05T10:11:17+00:00\" \/>\n<meta property=\"og:image\" content=\"https:\/\/emerpolska.pl\/wp-content\/uploads\/2025\/07\/Festo-CPV14-M1H-2X3-GLS-1-8-161362-Magnetventil-R202-2x-MSZC-3-21DC-21V-DC-0.jpg\" \/>\n\t<meta property=\"og:image:width\" content=\"800\" \/>\n\t<meta property=\"og:image:height\" content=\"800\" \/>\n\t<meta property=\"og:image:type\" content=\"image\/jpeg\" \/>\n<meta name=\"twitter:card\" content=\"summary_large_image\" \/>\n<meta name=\"twitter:label1\" content=\"Szacowany czas czytania\" \/>\n\t<meta name=\"twitter:data1\" content=\"2 minuty\" \/>\n<script type=\"application\/ld+json\" class=\"yoast-schema-graph\">{\"@context\":\"https:\/\/schema.org\",\"@graph\":[{\"@type\":\"WebPage\",\"@id\":\"https:\/\/emerpolska.pl\/index.php\/produkt\/elektrozawor-cpv14-m1h-2x3-gls-1-8-161362-festo\/\",\"url\":\"https:\/\/emerpolska.pl\/index.php\/produkt\/elektrozawor-cpv14-m1h-2x3-gls-1-8-161362-festo\/\",\"name\":\"Elektrozaw\u00f3r CPV14-M1H-2X3-GLS-1\/8 (161362), Festo - EMER Polska\",\"isPartOf\":{\"@id\":\"https:\/\/emerpolska.pl\/#website\"},\"primaryImageOfPage\":{\"@id\":\"https:\/\/emerpolska.pl\/index.php\/produkt\/elektrozawor-cpv14-m1h-2x3-gls-1-8-161362-festo\/#primaryimage\"},\"image\":{\"@id\":\"https:\/\/emerpolska.pl\/index.php\/produkt\/elektrozawor-cpv14-m1h-2x3-gls-1-8-161362-festo\/#primaryimage\"},\"thumbnailUrl\":\"https:\/\/emerpolska.pl\/wp-content\/uploads\/2025\/07\/Festo-CPV14-M1H-2X3-GLS-1-8-161362-Magnetventil-R202-2x-MSZC-3-21DC-21V-DC-0.jpg\",\"datePublished\":\"2025-07-24T21:21:31+00:00\",\"dateModified\":\"2025-08-05T10:11:17+00:00\",\"breadcrumb\":{\"@id\":\"https:\/\/emerpolska.pl\/index.php\/produkt\/elektrozawor-cpv14-m1h-2x3-gls-1-8-161362-festo\/#breadcrumb\"},\"inLanguage\":\"pl-PL\",\"potentialAction\":[{\"@type\":\"ReadAction\",\"target\":[\"https:\/\/emerpolska.pl\/index.php\/produkt\/elektrozawor-cpv14-m1h-2x3-gls-1-8-161362-festo\/\"]}]},{\"@type\":\"ImageObject\",\"inLanguage\":\"pl-PL\",\"@id\":\"https:\/\/emerpolska.pl\/index.php\/produkt\/elektrozawor-cpv14-m1h-2x3-gls-1-8-161362-festo\/#primaryimage\",\"url\":\"https:\/\/emerpolska.pl\/wp-content\/uploads\/2025\/07\/Festo-CPV14-M1H-2X3-GLS-1-8-161362-Magnetventil-R202-2x-MSZC-3-21DC-21V-DC-0.jpg\",\"contentUrl\":\"https:\/\/emerpolska.pl\/wp-content\/uploads\/2025\/07\/Festo-CPV14-M1H-2X3-GLS-1-8-161362-Magnetventil-R202-2x-MSZC-3-21DC-21V-DC-0.jpg\",\"width\":800,\"height\":800},{\"@type\":\"BreadcrumbList\",\"@id\":\"https:\/\/emerpolska.pl\/index.php\/produkt\/elektrozawor-cpv14-m1h-2x3-gls-1-8-161362-festo\/#breadcrumb\",\"itemListElement\":[{\"@type\":\"ListItem\",\"position\":1,\"name\":\"Strona g\u0142\u00f3wna\",\"item\":\"https:\/\/emerpolska.pl\/\"},{\"@type\":\"ListItem\",\"position\":2,\"name\":\"Jeste\u015bmy w przygotowaniu. Ju\u017c wkr\u00f3tce.\",\"item\":\"https:\/\/emerpolska.pl\/index.php\/shop\/\"},{\"@type\":\"ListItem\",\"position\":3,\"name\":\"Elektrozaw\u00f3r CPV14-M1H-2X3-GLS-1\/8 (161362), Festo\"}]},{\"@type\":\"WebSite\",\"@id\":\"https:\/\/emerpolska.pl\/#website\",\"url\":\"https:\/\/emerpolska.pl\/\",\"name\":\"EMER Polska\",\"description\":\"Centrum Pneumatyki i Automatyki\",\"publisher\":{\"@id\":\"https:\/\/emerpolska.pl\/#organization\"},\"potentialAction\":[{\"@type\":\"SearchAction\",\"target\":{\"@type\":\"EntryPoint\",\"urlTemplate\":\"https:\/\/emerpolska.pl\/?s={search_term_string}\"},\"query-input\":{\"@type\":\"PropertyValueSpecification\",\"valueRequired\":true,\"valueName\":\"search_term_string\"}}],\"inLanguage\":\"pl-PL\"},{\"@type\":\"Organization\",\"@id\":\"https:\/\/emerpolska.pl\/#organization\",\"name\":\"EMER Polska\",\"url\":\"https:\/\/emerpolska.pl\/\",\"logo\":{\"@type\":\"ImageObject\",\"inLanguage\":\"pl-PL\",\"@id\":\"https:\/\/emerpolska.pl\/#\/schema\/logo\/image\/\",\"url\":\"https:\/\/emerpolska.pl\/wp-content\/uploads\/2025\/07\/logo.jpg\",\"contentUrl\":\"https:\/\/emerpolska.pl\/wp-content\/uploads\/2025\/07\/logo.jpg\",\"width\":1021,\"height\":362,\"caption\":\"EMER Polska\"},\"image\":{\"@id\":\"https:\/\/emerpolska.pl\/#\/schema\/logo\/image\/\"}}]}<\/script>\n<!-- \/ Yoast SEO plugin. -->","yoast_head_json":{"title":"Elektrozaw\u00f3r CPV14-M1H-2X3-GLS-1\/8 (161362), Festo - EMER Polska","robots":{"index":"index","follow":"follow","max-snippet":"max-snippet:-1","max-image-preview":"max-image-preview:large","max-video-preview":"max-video-preview:-1"},"canonical":"https:\/\/emerpolska.pl\/index.php\/produkt\/elektrozawor-cpv14-m1h-2x3-gls-1-8-161362-festo\/","og_locale":"pl_PL","og_type":"article","og_title":"Elektrozaw\u00f3r CPV14-M1H-2X3-GLS-1\/8 (161362), Festo - EMER Polska","og_description":"&nbsp; Elektrozaw\u00f3r do pneumatyki Elektrozawory festo to jedne z cz\u0119\u015bciej stosowanych w pneumatyce. W ofercie posiadamy wszystkie mo\u017cliwe wersj\u0119. Zawory cechuj\u0105 si\u0119 wysokimi przep\u0142ywami oraz d\u0142ug\u0105 \u017cywotno\u015bci\u0105. W ofercie posiadamy kompleksow\u0105 ofert\u0119 Festo. Kod produktu: CPV14-M1H-2X3-GLS-1\/8 (161362), Waga 0,125 kg Ci\u015bnienie robocze -0,9 do 10 bar \u015arednica nominalna DN 6 mm Rodzaj ochrony IP65 Ci\u015bnienie [&hellip;]","og_url":"https:\/\/emerpolska.pl\/index.php\/produkt\/elektrozawor-cpv14-m1h-2x3-gls-1-8-161362-festo\/","og_site_name":"EMER Polska","article_modified_time":"2025-08-05T10:11:17+00:00","og_image":[{"width":800,"height":800,"url":"https:\/\/emerpolska.pl\/wp-content\/uploads\/2025\/07\/Festo-CPV14-M1H-2X3-GLS-1-8-161362-Magnetventil-R202-2x-MSZC-3-21DC-21V-DC-0.jpg","type":"image\/jpeg"}],"twitter_card":"summary_large_image","twitter_misc":{"Szacowany czas czytania":"2 minuty"},"schema":{"@context":"https:\/\/schema.org","@graph":[{"@type":"WebPage","@id":"https:\/\/emerpolska.pl\/index.php\/produkt\/elektrozawor-cpv14-m1h-2x3-gls-1-8-161362-festo\/","url":"https:\/\/emerpolska.pl\/index.php\/produkt\/elektrozawor-cpv14-m1h-2x3-gls-1-8-161362-festo\/","name":"Elektrozaw\u00f3r CPV14-M1H-2X3-GLS-1\/8 (161362), Festo - EMER Polska","isPartOf":{"@id":"https:\/\/emerpolska.pl\/#website"},"primaryImageOfPage":{"@id":"https:\/\/emerpolska.pl\/index.php\/produkt\/elektrozawor-cpv14-m1h-2x3-gls-1-8-161362-festo\/#primaryimage"},"image":{"@id":"https:\/\/emerpolska.pl\/index.php\/produkt\/elektrozawor-cpv14-m1h-2x3-gls-1-8-161362-festo\/#primaryimage"},"thumbnailUrl":"https:\/\/emerpolska.pl\/wp-content\/uploads\/2025\/07\/Festo-CPV14-M1H-2X3-GLS-1-8-161362-Magnetventil-R202-2x-MSZC-3-21DC-21V-DC-0.jpg","datePublished":"2025-07-24T21:21:31+00:00","dateModified":"2025-08-05T10:11:17+00:00","breadcrumb":{"@id":"https:\/\/emerpolska.pl\/index.php\/produkt\/elektrozawor-cpv14-m1h-2x3-gls-1-8-161362-festo\/#breadcrumb"},"inLanguage":"pl-PL","potentialAction":[{"@type":"ReadAction","target":["https:\/\/emerpolska.pl\/index.php\/produkt\/elektrozawor-cpv14-m1h-2x3-gls-1-8-161362-festo\/"]}]},{"@type":"ImageObject","inLanguage":"pl-PL","@id":"https:\/\/emerpolska.pl\/index.php\/produkt\/elektrozawor-cpv14-m1h-2x3-gls-1-8-161362-festo\/#primaryimage","url":"https:\/\/emerpolska.pl\/wp-content\/uploads\/2025\/07\/Festo-CPV14-M1H-2X3-GLS-1-8-161362-Magnetventil-R202-2x-MSZC-3-21DC-21V-DC-0.jpg","contentUrl":"https:\/\/emerpolska.pl\/wp-content\/uploads\/2025\/07\/Festo-CPV14-M1H-2X3-GLS-1-8-161362-Magnetventil-R202-2x-MSZC-3-21DC-21V-DC-0.jpg","width":800,"height":800},{"@type":"BreadcrumbList","@id":"https:\/\/emerpolska.pl\/index.php\/produkt\/elektrozawor-cpv14-m1h-2x3-gls-1-8-161362-festo\/#breadcrumb","itemListElement":[{"@type":"ListItem","position":1,"name":"Strona g\u0142\u00f3wna","item":"https:\/\/emerpolska.pl\/"},{"@type":"ListItem","position":2,"name":"Jeste\u015bmy w przygotowaniu. Ju\u017c wkr\u00f3tce.","item":"https:\/\/emerpolska.pl\/index.php\/shop\/"},{"@type":"ListItem","position":3,"name":"Elektrozaw\u00f3r CPV14-M1H-2X3-GLS-1\/8 (161362), Festo"}]},{"@type":"WebSite","@id":"https:\/\/emerpolska.pl\/#website","url":"https:\/\/emerpolska.pl\/","name":"EMER Polska","description":"Centrum Pneumatyki i Automatyki","publisher":{"@id":"https:\/\/emerpolska.pl\/#organization"},"potentialAction":[{"@type":"SearchAction","target":{"@type":"EntryPoint","urlTemplate":"https:\/\/emerpolska.pl\/?s={search_term_string}"},"query-input":{"@type":"PropertyValueSpecification","valueRequired":true,"valueName":"search_term_string"}}],"inLanguage":"pl-PL"},{"@type":"Organization","@id":"https:\/\/emerpolska.pl\/#organization","name":"EMER Polska","url":"https:\/\/emerpolska.pl\/","logo":{"@type":"ImageObject","inLanguage":"pl-PL","@id":"https:\/\/emerpolska.pl\/#\/schema\/logo\/image\/","url":"https:\/\/emerpolska.pl\/wp-content\/uploads\/2025\/07\/logo.jpg","contentUrl":"https:\/\/emerpolska.pl\/wp-content\/uploads\/2025\/07\/logo.jpg","width":1021,"height":362,"caption":"EMER Polska"},"image":{"@id":"https:\/\/emerpolska.pl\/#\/schema\/logo\/image\/"}}]}},"_links":{"self":[{"href":"https:\/\/emerpolska.pl\/index.php\/wp-json\/wp\/v2\/product\/1034","targetHints":{"allow":["GET"]}}],"collection":[{"href":"https:\/\/emerpolska.pl\/index.php\/wp-json\/wp\/v2\/product"}],"about":[{"href":"https:\/\/emerpolska.pl\/index.php\/wp-json\/wp\/v2\/types\/product"}],"replies":[{"embeddable":true,"href":"https:\/\/emerpolska.pl\/index.php\/wp-json\/wp\/v2\/comments?post=1034"}],"wp:featuredmedia":[{"embeddable":true,"href":"https:\/\/emerpolska.pl\/index.php\/wp-json\/wp\/v2\/media\/1506"}],"wp:attachment":[{"href":"https:\/\/emerpolska.pl\/index.php\/wp-json\/wp\/v2\/media?parent=1034"}],"wp:term":[{"taxonomy":"product_brand","embeddable":true,"href":"https:\/\/emerpolska.pl\/index.php\/wp-json\/wp\/v2\/product_brand?post=1034"},{"taxonomy":"product_cat","embeddable":true,"href":"https:\/\/emerpolska.pl\/index.php\/wp-json\/wp\/v2\/product_cat?post=1034"},{"taxonomy":"product_tag","embeddable":true,"href":"https:\/\/emerpolska.pl\/index.php\/wp-json\/wp\/v2\/product_tag?post=1034"}],"curies":[{"name":"wp","href":"https:\/\/api.w.org\/{rel}","templated":true}]}}