{"id":1204,"date":"2025-07-24T23:23:21","date_gmt":"2025-07-24T21:23:21","guid":{"rendered":"https:\/\/emerpolska.pl\/index.php\/produkt\/precyzyjny-czujnik-prozniowy-085-1-250v-nc-no\/"},"modified":"2025-07-24T23:23:21","modified_gmt":"2025-07-24T21:23:21","slug":"precyzyjny-czujnik-prozniowy-085-1-250v-nc-no","status":"publish","type":"product","link":"https:\/\/emerpolska.pl\/index.php\/produkt\/precyzyjny-czujnik-prozniowy-085-1-250v-nc-no\/","title":{"rendered":"Precyzyjny czujnik pr\u00f3\u017cniowy -0,85-1 250V NC\/NO"},"content":{"rendered":"<p>{&#8222;sections&#8221;:[{&#8222;items&#8221;:[{&#8222;type&#8221;:&#8221;TEXT&#8221;,&#8221;content&#8221;:&#8221;<\/p>\n<h1>Czujnik ci\u015bnienia<\/h1>\n<p>Materia\u0142y: Korpus: Odlew ci\u015bnieniowy z cynku \/ aluminium powlekane proszkowo, uszczelki i membrana NBR<\/p>\n<p>Zakres temperatury: -10\u00b0C do maks. +80\u00b0C<\/p>\n<p>R\u00f3\u017cnica prze\u0142\u0105czenia zwrotnego: ok. 10 % warto\u015bci ko\u0144cowej zakresu<\/p>\n<p>Stopie\u0144 ochrony: IP 65, przy\u0142\u0105cze wtyczka k\u0105towa DIN 43560 \/ EN 175301-803 (wielko\u015b\u0107 3, 4-bieg.)<\/p>\n<p>Czynniki: Olej hydrauliczny, olej maszynowy, terpentyna, olej opalowy, powietrze, woda<\/p>\n<p>Typ prze\u0142\u0105cznika: NC\/NO Zestyk prze\u0142\u0105czny<\/p>\n<p>Moc za\u0142\u0105czania: 28 V DC \/ 3 A, 250 V AC \/ 4 A<\/p>\n<p>Opcjonalnie: Przy\u0142\u0105cze wtyczka M12 (4-biegunowa, IP 67) -M12<\/p>\n<p>Zalety: niedrogi wy\u0142\u0105cznik ci\u015bnieniowy, bardzo komfortowe i precyzyjne ustawienie punktu prze\u0142\u0105czania ko\u0142em r\u0119cznym<\/p>\n<p>Zabezpieczenie przed nadci\u015bnieniem 20 bar<\/p>\n<p>Rodzaj ochrony IP 65<\/p>\n<p>Zakres regulacji -0,85 &#8211; 1 bar<\/p>\n<p>Przy\u0142\u0105cze z\u0142\u0105cze wtykowe k\u0105towe rozmiar 3, 4-stykowe (DIN 43650 \/ EN 1<\/p>\n<p>Wersja wy\u0142\u0105cznik ci\u015bnieniowy<\/p>\n<p>Typ przy\u0142\u0105cza gwint wewn\u0119trzny 1\/4<\/p>\n<p>&#8222;},{&#8222;type&#8221;:&#8221;IMAGE&#8221;,&#8221;url&#8221;:&#8221;https:\/\/a.allegroimg.com\/original\/11c812\/856ea1934c84a9643f0f1ed72eb9&#8243;}]},{&#8222;items&#8221;:[{&#8222;type&#8221;:&#8221;IMAGE&#8221;,&#8221;url&#8221;:&#8221;https:\/\/a.allegroimg.com\/original\/114495\/1e70e6f94d4d80590302e416d102&#8243;}]},{&#8222;items&#8221;:[{&#8222;type&#8221;:&#8221;IMAGE&#8221;,&#8221;url&#8221;:&#8221;https:\/\/a.allegroimg.com\/original\/11fcbc\/50855fb6447b8eaec90e06fe0c99&#8243;}]}]}<\/p>\n","protected":false},"excerpt":{"rendered":"<p>{&#8222;sections&#8221;:[{&#8222;items&#8221;:[{&#8222;type&#8221;:&#8221;TEXT&#8221;,&#8221;content&#8221;:&#8221; Czujnik ci\u015bnienia Materia\u0142y: Korpus: Odlew ci\u015bnieniowy z cynku \/ aluminium powlekane proszkowo, uszczelki i membrana NBR Zakres temperatury: -10\u00b0C do maks. +80\u00b0C R\u00f3\u017cnica prze\u0142\u0105czenia zwrotnego: ok. 10 % warto\u015bci ko\u0144cowej zakresu Stopie\u0144 ochrony: IP 65, przy\u0142\u0105cze wtyczka k\u0105towa DIN 43560 \/ EN 175301-803 (wielko\u015b\u0107 3, 4-bieg.) Czynniki: Olej hydrauliczny, olej maszynowy, terpentyna, olej opalowy, [&hellip;]<\/p>\n","protected":false},"featured_media":0,"comment_status":"open","ping_status":"closed","template":"","meta":[],"product_brand":[55],"product_cat":[48],"product_tag":[],"class_list":{"0":"post-1204","1":"product","2":"type-product","3":"status-publish","5":"product_brand-aircom","6":"product_cat-pneumatyka-121447","8":"first","9":"instock","10":"taxable","11":"shipping-taxable","12":"purchasable","13":"product-type-simple"},"yoast_head":"<!-- This site is optimized with the Yoast SEO plugin v27.0 - https:\/\/yoast.com\/product\/yoast-seo-wordpress\/ -->\n<title>Precyzyjny czujnik pr\u00f3\u017cniowy -0,85-1 250V NC\/NO - EMER Polska<\/title>\n<meta name=\"robots\" content=\"index, follow, max-snippet:-1, max-image-preview:large, max-video-preview:-1\" \/>\n<link rel=\"canonical\" href=\"https:\/\/emerpolska.pl\/index.php\/produkt\/precyzyjny-czujnik-prozniowy-085-1-250v-nc-no\/\" \/>\n<meta property=\"og:locale\" content=\"pl_PL\" \/>\n<meta property=\"og:type\" content=\"article\" \/>\n<meta property=\"og:title\" content=\"Precyzyjny czujnik pr\u00f3\u017cniowy -0,85-1 250V NC\/NO - EMER Polska\" \/>\n<meta property=\"og:description\" content=\"{&#8222;sections&#8221;:[{&#8222;items&#8221;:[{&#8222;type&#8221;:&#8221;TEXT&#8221;,&#8221;content&#8221;:&#8221; Czujnik ci\u015bnienia Materia\u0142y: Korpus: Odlew ci\u015bnieniowy z cynku \/ aluminium powlekane proszkowo, uszczelki i membrana NBR Zakres temperatury: -10\u00b0C do maks. +80\u00b0C R\u00f3\u017cnica prze\u0142\u0105czenia zwrotnego: ok. 10 % warto\u015bci ko\u0144cowej zakresu Stopie\u0144 ochrony: IP 65, przy\u0142\u0105cze wtyczka k\u0105towa DIN 43560 \/ EN 175301-803 (wielko\u015b\u0107 3, 4-bieg.) Czynniki: Olej hydrauliczny, olej maszynowy, terpentyna, olej opalowy, [&hellip;]\" \/>\n<meta property=\"og:url\" content=\"https:\/\/emerpolska.pl\/index.php\/produkt\/precyzyjny-czujnik-prozniowy-085-1-250v-nc-no\/\" \/>\n<meta property=\"og:site_name\" content=\"EMER Polska\" \/>\n<meta name=\"twitter:card\" content=\"summary_large_image\" \/>\n<meta name=\"twitter:label1\" content=\"Szacowany czas czytania\" \/>\n\t<meta name=\"twitter:data1\" content=\"1 minuta\" \/>\n<script type=\"application\/ld+json\" class=\"yoast-schema-graph\">{\"@context\":\"https:\/\/schema.org\",\"@graph\":[{\"@type\":\"WebPage\",\"@id\":\"https:\/\/emerpolska.pl\/index.php\/produkt\/precyzyjny-czujnik-prozniowy-085-1-250v-nc-no\/\",\"url\":\"https:\/\/emerpolska.pl\/index.php\/produkt\/precyzyjny-czujnik-prozniowy-085-1-250v-nc-no\/\",\"name\":\"Precyzyjny czujnik pr\u00f3\u017cniowy -0,85-1 250V NC\/NO - EMER Polska\",\"isPartOf\":{\"@id\":\"https:\/\/emerpolska.pl\/#website\"},\"datePublished\":\"2025-07-24T21:23:21+00:00\",\"breadcrumb\":{\"@id\":\"https:\/\/emerpolska.pl\/index.php\/produkt\/precyzyjny-czujnik-prozniowy-085-1-250v-nc-no\/#breadcrumb\"},\"inLanguage\":\"pl-PL\",\"potentialAction\":[{\"@type\":\"ReadAction\",\"target\":[\"https:\/\/emerpolska.pl\/index.php\/produkt\/precyzyjny-czujnik-prozniowy-085-1-250v-nc-no\/\"]}]},{\"@type\":\"BreadcrumbList\",\"@id\":\"https:\/\/emerpolska.pl\/index.php\/produkt\/precyzyjny-czujnik-prozniowy-085-1-250v-nc-no\/#breadcrumb\",\"itemListElement\":[{\"@type\":\"ListItem\",\"position\":1,\"name\":\"Strona g\u0142\u00f3wna\",\"item\":\"https:\/\/emerpolska.pl\/\"},{\"@type\":\"ListItem\",\"position\":2,\"name\":\"Jeste\u015bmy w przygotowaniu. Ju\u017c wkr\u00f3tce.\",\"item\":\"https:\/\/emerpolska.pl\/index.php\/shop\/\"},{\"@type\":\"ListItem\",\"position\":3,\"name\":\"Precyzyjny czujnik pr\u00f3\u017cniowy -0,85-1 250V NC\/NO\"}]},{\"@type\":\"WebSite\",\"@id\":\"https:\/\/emerpolska.pl\/#website\",\"url\":\"https:\/\/emerpolska.pl\/\",\"name\":\"EMER Polska\",\"description\":\"Centrum Pneumatyki i Automatyki\",\"publisher\":{\"@id\":\"https:\/\/emerpolska.pl\/#organization\"},\"potentialAction\":[{\"@type\":\"SearchAction\",\"target\":{\"@type\":\"EntryPoint\",\"urlTemplate\":\"https:\/\/emerpolska.pl\/?s={search_term_string}\"},\"query-input\":{\"@type\":\"PropertyValueSpecification\",\"valueRequired\":true,\"valueName\":\"search_term_string\"}}],\"inLanguage\":\"pl-PL\"},{\"@type\":\"Organization\",\"@id\":\"https:\/\/emerpolska.pl\/#organization\",\"name\":\"EMER Polska\",\"url\":\"https:\/\/emerpolska.pl\/\",\"logo\":{\"@type\":\"ImageObject\",\"inLanguage\":\"pl-PL\",\"@id\":\"https:\/\/emerpolska.pl\/#\/schema\/logo\/image\/\",\"url\":\"https:\/\/emerpolska.pl\/wp-content\/uploads\/2025\/07\/logo.jpg\",\"contentUrl\":\"https:\/\/emerpolska.pl\/wp-content\/uploads\/2025\/07\/logo.jpg\",\"width\":1021,\"height\":362,\"caption\":\"EMER Polska\"},\"image\":{\"@id\":\"https:\/\/emerpolska.pl\/#\/schema\/logo\/image\/\"}}]}<\/script>\n<!-- \/ Yoast SEO plugin. -->","yoast_head_json":{"title":"Precyzyjny czujnik pr\u00f3\u017cniowy -0,85-1 250V NC\/NO - EMER Polska","robots":{"index":"index","follow":"follow","max-snippet":"max-snippet:-1","max-image-preview":"max-image-preview:large","max-video-preview":"max-video-preview:-1"},"canonical":"https:\/\/emerpolska.pl\/index.php\/produkt\/precyzyjny-czujnik-prozniowy-085-1-250v-nc-no\/","og_locale":"pl_PL","og_type":"article","og_title":"Precyzyjny czujnik pr\u00f3\u017cniowy -0,85-1 250V NC\/NO - EMER Polska","og_description":"{&#8222;sections&#8221;:[{&#8222;items&#8221;:[{&#8222;type&#8221;:&#8221;TEXT&#8221;,&#8221;content&#8221;:&#8221; Czujnik ci\u015bnienia Materia\u0142y: Korpus: Odlew ci\u015bnieniowy z cynku \/ aluminium powlekane proszkowo, uszczelki i membrana NBR Zakres temperatury: -10\u00b0C do maks. +80\u00b0C R\u00f3\u017cnica prze\u0142\u0105czenia zwrotnego: ok. 10 % warto\u015bci ko\u0144cowej zakresu Stopie\u0144 ochrony: IP 65, przy\u0142\u0105cze wtyczka k\u0105towa DIN 43560 \/ EN 175301-803 (wielko\u015b\u0107 3, 4-bieg.) Czynniki: Olej hydrauliczny, olej maszynowy, terpentyna, olej opalowy, [&hellip;]","og_url":"https:\/\/emerpolska.pl\/index.php\/produkt\/precyzyjny-czujnik-prozniowy-085-1-250v-nc-no\/","og_site_name":"EMER Polska","twitter_card":"summary_large_image","twitter_misc":{"Szacowany czas czytania":"1 minuta"},"schema":{"@context":"https:\/\/schema.org","@graph":[{"@type":"WebPage","@id":"https:\/\/emerpolska.pl\/index.php\/produkt\/precyzyjny-czujnik-prozniowy-085-1-250v-nc-no\/","url":"https:\/\/emerpolska.pl\/index.php\/produkt\/precyzyjny-czujnik-prozniowy-085-1-250v-nc-no\/","name":"Precyzyjny czujnik pr\u00f3\u017cniowy -0,85-1 250V NC\/NO - EMER Polska","isPartOf":{"@id":"https:\/\/emerpolska.pl\/#website"},"datePublished":"2025-07-24T21:23:21+00:00","breadcrumb":{"@id":"https:\/\/emerpolska.pl\/index.php\/produkt\/precyzyjny-czujnik-prozniowy-085-1-250v-nc-no\/#breadcrumb"},"inLanguage":"pl-PL","potentialAction":[{"@type":"ReadAction","target":["https:\/\/emerpolska.pl\/index.php\/produkt\/precyzyjny-czujnik-prozniowy-085-1-250v-nc-no\/"]}]},{"@type":"BreadcrumbList","@id":"https:\/\/emerpolska.pl\/index.php\/produkt\/precyzyjny-czujnik-prozniowy-085-1-250v-nc-no\/#breadcrumb","itemListElement":[{"@type":"ListItem","position":1,"name":"Strona g\u0142\u00f3wna","item":"https:\/\/emerpolska.pl\/"},{"@type":"ListItem","position":2,"name":"Jeste\u015bmy w przygotowaniu. Ju\u017c wkr\u00f3tce.","item":"https:\/\/emerpolska.pl\/index.php\/shop\/"},{"@type":"ListItem","position":3,"name":"Precyzyjny czujnik pr\u00f3\u017cniowy -0,85-1 250V NC\/NO"}]},{"@type":"WebSite","@id":"https:\/\/emerpolska.pl\/#website","url":"https:\/\/emerpolska.pl\/","name":"EMER Polska","description":"Centrum Pneumatyki i Automatyki","publisher":{"@id":"https:\/\/emerpolska.pl\/#organization"},"potentialAction":[{"@type":"SearchAction","target":{"@type":"EntryPoint","urlTemplate":"https:\/\/emerpolska.pl\/?s={search_term_string}"},"query-input":{"@type":"PropertyValueSpecification","valueRequired":true,"valueName":"search_term_string"}}],"inLanguage":"pl-PL"},{"@type":"Organization","@id":"https:\/\/emerpolska.pl\/#organization","name":"EMER Polska","url":"https:\/\/emerpolska.pl\/","logo":{"@type":"ImageObject","inLanguage":"pl-PL","@id":"https:\/\/emerpolska.pl\/#\/schema\/logo\/image\/","url":"https:\/\/emerpolska.pl\/wp-content\/uploads\/2025\/07\/logo.jpg","contentUrl":"https:\/\/emerpolska.pl\/wp-content\/uploads\/2025\/07\/logo.jpg","width":1021,"height":362,"caption":"EMER Polska"},"image":{"@id":"https:\/\/emerpolska.pl\/#\/schema\/logo\/image\/"}}]}},"_links":{"self":[{"href":"https:\/\/emerpolska.pl\/index.php\/wp-json\/wp\/v2\/product\/1204","targetHints":{"allow":["GET"]}}],"collection":[{"href":"https:\/\/emerpolska.pl\/index.php\/wp-json\/wp\/v2\/product"}],"about":[{"href":"https:\/\/emerpolska.pl\/index.php\/wp-json\/wp\/v2\/types\/product"}],"replies":[{"embeddable":true,"href":"https:\/\/emerpolska.pl\/index.php\/wp-json\/wp\/v2\/comments?post=1204"}],"wp:attachment":[{"href":"https:\/\/emerpolska.pl\/index.php\/wp-json\/wp\/v2\/media?parent=1204"}],"wp:term":[{"taxonomy":"product_brand","embeddable":true,"href":"https:\/\/emerpolska.pl\/index.php\/wp-json\/wp\/v2\/product_brand?post=1204"},{"taxonomy":"product_cat","embeddable":true,"href":"https:\/\/emerpolska.pl\/index.php\/wp-json\/wp\/v2\/product_cat?post=1204"},{"taxonomy":"product_tag","embeddable":true,"href":"https:\/\/emerpolska.pl\/index.php\/wp-json\/wp\/v2\/product_tag?post=1204"}],"curies":[{"name":"wp","href":"https:\/\/api.w.org\/{rel}","templated":true}]}}