{"id":1247,"date":"2025-07-24T23:23:44","date_gmt":"2025-07-24T21:23:44","guid":{"rendered":"https:\/\/emerpolska.pl\/index.php\/produkt\/rozdzielacz-wtykowy-podwojny-r1-2-12-teflon\/"},"modified":"2025-07-25T03:03:43","modified_gmt":"2025-07-25T01:03:43","slug":"rozdzielacz-wtykowy-podwojny-r1-2-12-teflon","status":"publish","type":"product","link":"https:\/\/emerpolska.pl\/index.php\/produkt\/rozdzielacz-wtykowy-podwojny-r1-2-12-teflon\/","title":{"rendered":"Enegic &#8211; Czujnik pr\u0105dowy do pomiaru produkcji el. z fotowoltaiki &#8211; 16mm"},"content":{"rendered":"<p>Enegic Monitor to zaawansowane rozwi\u0105zanie s\u0142u\u017c\u0105ce do dynamicznego kontrolowania przep\u0142ywu energii elektrycznej w obiektach (domach, firmach, obiektach wielorodzinnych) celem optymalizowania jej zu\u017cycia.<\/p>\n<p><strong>Enegic Monitor jest standardowo wyposa\u017cony w 3 cewki (czujniki) pomiarowe do monitorowania zu\u017cycia energii w instalacji elektrycznej.<br \/>\n<\/strong><\/p>\n<p>Ten <strong>DODATKOWY<\/strong> i opcjonalny czujnik pozwala <strong>DODATKOWO<\/strong> na mierzenie energii produkowanej przez OZE (np. przez instalacj\u0119 fotowoltaiczn\u0105). Dzi\u0119ki temu mo\u017cesz monitorowa\u0107 dowoln\u0105 instalacj\u0119 solarn\u0105 i w prosty spos\u00f3b zintegrujesz system \u0142adowania z Twoj\u0105 instalacj\u0105 fotowoltaiczn\u0105 zupe\u0142nie niezale\u017cnie od rodzaju i marki tej instalacji.<\/p>\n<p>WA\u017bNA UWAGA: je\u015bli Twoja instalacja OZE jest 3 Fazowa i produkuje energi\u0119 elektryczn\u0105 z niesymetrycznym podzia\u0142em na poszczeg\u00f3lnych fazach, to w takim wypadku warto zainstalowa\u0107 osobny Enegic Monitor, kt\u00f3ry dok\u0142adnie zmierzy moc pr\u0105du na ka\u017cdej z faz z osobna. Niemnniej jednak w wi\u0119kszo\u015bci przypadk\u00f3w jednokana\u0142owy pomiar jest wystarczaj\u0105cy. Skonsultuj to ze Swoim instalatorem.<\/p>\n<p>&nbsp;<\/p>\n<ul>\n<li>Mo\u017cliwo\u015b\u0107 instalacji bez potrzeby wy\u0142\u0105czania zasilania w obiekcie.<\/li>\n<li>Czas instalacji nie przekracza 5 minut<\/li>\n<\/ul>\n","protected":false},"excerpt":{"rendered":"<p>Enegic Monitor to zaawansowane rozwi\u0105zanie s\u0142u\u017c\u0105ce do dynamicznego kontrolowania przep\u0142ywu energii elektrycznej w obiektach (domach, firmach, obiektach wielorodzinnych) celem optymalizowania jej zu\u017cycia. Enegic Monitor jest standardowo wyposa\u017cony w 3 cewki (czujniki) pomiarowe do monitorowania zu\u017cycia energii w instalacji elektrycznej. Ten DODATKOWY i opcjonalny czujnik pozwala DODATKOWO na mierzenie energii produkowanej przez OZE (np. przez instalacj\u0119 [&hellip;]<\/p>\n","protected":false},"featured_media":1378,"comment_status":"closed","ping_status":"closed","template":"","meta":[],"product_brand":[53],"product_cat":[79],"product_tag":[],"class_list":{"0":"post-1247","1":"product","2":"type-product","3":"status-publish","4":"has-post-thumbnail","6":"product_brand-air","7":"product_cat-zarzadzanie-energia-elektryczna","8":"product_shipping_class-paczka","10":"first","11":"instock","12":"taxable","13":"shipping-taxable","14":"purchasable","15":"product-type-simple"},"yoast_head":"<!-- This site is optimized with the Yoast SEO plugin v27.0 - https:\/\/yoast.com\/product\/yoast-seo-wordpress\/ -->\n<title>Enegic - Czujnik pr\u0105dowy do pomiaru produkcji el. z fotowoltaiki - 16mm - EMER Polska<\/title>\n<meta name=\"description\" content=\"Sensor dzi\u0119ki kt\u00f3remu nigdy nie przekroczysz mocy maksymalnej dla danego budynku. Dodatkowo b\u0119dziesz \u0142adowa\u0107 sw\u00f3j samoch\u00f3d energi\u0105 produkowan\u0105 przez w\u0142asn\u0105 instalacj\u0119 fotowoltaiczn\u0105.\" \/>\n<meta name=\"robots\" content=\"index, follow, max-snippet:-1, max-image-preview:large, max-video-preview:-1\" \/>\n<link rel=\"canonical\" href=\"https:\/\/emerpolska.pl\/index.php\/produkt\/rozdzielacz-wtykowy-podwojny-r1-2-12-teflon\/\" \/>\n<meta property=\"og:locale\" content=\"pl_PL\" \/>\n<meta property=\"og:type\" content=\"article\" \/>\n<meta property=\"og:title\" content=\"\u0141adowanie ze s\u0142o\u0144ca - sensor\" \/>\n<meta property=\"og:description\" content=\"Sensor dzi\u0119ki kt\u00f3remu nigdy nie przekroczysz mocy maksymalnej dla danego budynku. Dodatkowo b\u0119dziesz \u0142adowa\u0107 sw\u00f3j samoch\u00f3d energi\u0105 produkowan\u0105 przez w\u0142asn\u0105 instalacj\u0119 fotowoltaiczn\u0105.\" \/>\n<meta property=\"og:url\" content=\"https:\/\/emerpolska.pl\/index.php\/produkt\/rozdzielacz-wtykowy-podwojny-r1-2-12-teflon\/\" \/>\n<meta property=\"og:site_name\" content=\"EMER Polska\" \/>\n<meta property=\"article:modified_time\" content=\"2025-07-25T01:03:43+00:00\" \/>\n<meta name=\"twitter:card\" content=\"summary_large_image\" \/>\n<meta name=\"twitter:title\" content=\"\u0141adowanie ze s\u0142o\u0144ca - sensor\" \/>\n<meta name=\"twitter:label1\" content=\"Szacowany czas czytania\" \/>\n\t<meta name=\"twitter:data1\" content=\"2 minuty\" \/>\n<script type=\"application\/ld+json\" class=\"yoast-schema-graph\">{\"@context\":\"https:\/\/schema.org\",\"@graph\":[{\"@type\":\"WebPage\",\"@id\":\"https:\/\/emerpolska.pl\/index.php\/produkt\/rozdzielacz-wtykowy-podwojny-r1-2-12-teflon\/\",\"url\":\"https:\/\/emerpolska.pl\/index.php\/produkt\/rozdzielacz-wtykowy-podwojny-r1-2-12-teflon\/\",\"name\":\"Enegic - Czujnik pr\u0105dowy do pomiaru produkcji el. z fotowoltaiki - 16mm - EMER Polska\",\"isPartOf\":{\"@id\":\"https:\/\/emerpolska.pl\/#website\"},\"primaryImageOfPage\":{\"@id\":\"https:\/\/emerpolska.pl\/index.php\/produkt\/rozdzielacz-wtykowy-podwojny-r1-2-12-teflon\/#primaryimage\"},\"image\":{\"@id\":\"https:\/\/emerpolska.pl\/index.php\/produkt\/rozdzielacz-wtykowy-podwojny-r1-2-12-teflon\/#primaryimage\"},\"thumbnailUrl\":\"https:\/\/emerpolska.pl\/wp-content\/uploads\/2025\/07\/Czujnik_16mm_zwykle_przewody_Enegic-scaled.png\",\"datePublished\":\"2025-07-24T21:23:44+00:00\",\"dateModified\":\"2025-07-25T01:03:43+00:00\",\"description\":\"Sensor dzi\u0119ki kt\u00f3remu nigdy nie przekroczysz mocy maksymalnej dla danego budynku. Dodatkowo b\u0119dziesz \u0142adowa\u0107 sw\u00f3j samoch\u00f3d energi\u0105 produkowan\u0105 przez w\u0142asn\u0105 instalacj\u0119 fotowoltaiczn\u0105.\",\"breadcrumb\":{\"@id\":\"https:\/\/emerpolska.pl\/index.php\/produkt\/rozdzielacz-wtykowy-podwojny-r1-2-12-teflon\/#breadcrumb\"},\"inLanguage\":\"pl-PL\",\"potentialAction\":[{\"@type\":\"ReadAction\",\"target\":[\"https:\/\/emerpolska.pl\/index.php\/produkt\/rozdzielacz-wtykowy-podwojny-r1-2-12-teflon\/\"]}]},{\"@type\":\"ImageObject\",\"inLanguage\":\"pl-PL\",\"@id\":\"https:\/\/emerpolska.pl\/index.php\/produkt\/rozdzielacz-wtykowy-podwojny-r1-2-12-teflon\/#primaryimage\",\"url\":\"https:\/\/emerpolska.pl\/wp-content\/uploads\/2025\/07\/Czujnik_16mm_zwykle_przewody_Enegic-scaled.png\",\"contentUrl\":\"https:\/\/emerpolska.pl\/wp-content\/uploads\/2025\/07\/Czujnik_16mm_zwykle_przewody_Enegic-scaled.png\",\"width\":2554,\"height\":2560},{\"@type\":\"BreadcrumbList\",\"@id\":\"https:\/\/emerpolska.pl\/index.php\/produkt\/rozdzielacz-wtykowy-podwojny-r1-2-12-teflon\/#breadcrumb\",\"itemListElement\":[{\"@type\":\"ListItem\",\"position\":1,\"name\":\"Strona g\u0142\u00f3wna\",\"item\":\"https:\/\/emerpolska.pl\/\"},{\"@type\":\"ListItem\",\"position\":2,\"name\":\"Jeste\u015bmy w przygotowaniu. Ju\u017c wkr\u00f3tce.\",\"item\":\"https:\/\/emerpolska.pl\/index.php\/shop\/\"},{\"@type\":\"ListItem\",\"position\":3,\"name\":\"Enegic &#8211; Czujnik pr\u0105dowy do pomiaru produkcji el. z fotowoltaiki &#8211; 16mm\"}]},{\"@type\":\"WebSite\",\"@id\":\"https:\/\/emerpolska.pl\/#website\",\"url\":\"https:\/\/emerpolska.pl\/\",\"name\":\"EMER Polska\",\"description\":\"Centrum Pneumatyki i Automatyki\",\"publisher\":{\"@id\":\"https:\/\/emerpolska.pl\/#organization\"},\"potentialAction\":[{\"@type\":\"SearchAction\",\"target\":{\"@type\":\"EntryPoint\",\"urlTemplate\":\"https:\/\/emerpolska.pl\/?s={search_term_string}\"},\"query-input\":{\"@type\":\"PropertyValueSpecification\",\"valueRequired\":true,\"valueName\":\"search_term_string\"}}],\"inLanguage\":\"pl-PL\"},{\"@type\":\"Organization\",\"@id\":\"https:\/\/emerpolska.pl\/#organization\",\"name\":\"EMER Polska\",\"url\":\"https:\/\/emerpolska.pl\/\",\"logo\":{\"@type\":\"ImageObject\",\"inLanguage\":\"pl-PL\",\"@id\":\"https:\/\/emerpolska.pl\/#\/schema\/logo\/image\/\",\"url\":\"https:\/\/emerpolska.pl\/wp-content\/uploads\/2025\/07\/logo.jpg\",\"contentUrl\":\"https:\/\/emerpolska.pl\/wp-content\/uploads\/2025\/07\/logo.jpg\",\"width\":1021,\"height\":362,\"caption\":\"EMER Polska\"},\"image\":{\"@id\":\"https:\/\/emerpolska.pl\/#\/schema\/logo\/image\/\"}}]}<\/script>\n<!-- \/ Yoast SEO plugin. -->","yoast_head_json":{"title":"Enegic - Czujnik pr\u0105dowy do pomiaru produkcji el. z fotowoltaiki - 16mm - EMER Polska","description":"Sensor dzi\u0119ki kt\u00f3remu nigdy nie przekroczysz mocy maksymalnej dla danego budynku. Dodatkowo b\u0119dziesz \u0142adowa\u0107 sw\u00f3j samoch\u00f3d energi\u0105 produkowan\u0105 przez w\u0142asn\u0105 instalacj\u0119 fotowoltaiczn\u0105.","robots":{"index":"index","follow":"follow","max-snippet":"max-snippet:-1","max-image-preview":"max-image-preview:large","max-video-preview":"max-video-preview:-1"},"canonical":"https:\/\/emerpolska.pl\/index.php\/produkt\/rozdzielacz-wtykowy-podwojny-r1-2-12-teflon\/","og_locale":"pl_PL","og_type":"article","og_title":"\u0141adowanie ze s\u0142o\u0144ca - sensor","og_description":"Sensor dzi\u0119ki kt\u00f3remu nigdy nie przekroczysz mocy maksymalnej dla danego budynku. Dodatkowo b\u0119dziesz \u0142adowa\u0107 sw\u00f3j samoch\u00f3d energi\u0105 produkowan\u0105 przez w\u0142asn\u0105 instalacj\u0119 fotowoltaiczn\u0105.","og_url":"https:\/\/emerpolska.pl\/index.php\/produkt\/rozdzielacz-wtykowy-podwojny-r1-2-12-teflon\/","og_site_name":"EMER Polska","article_modified_time":"2025-07-25T01:03:43+00:00","twitter_card":"summary_large_image","twitter_title":"\u0141adowanie ze s\u0142o\u0144ca - sensor","twitter_misc":{"Szacowany czas czytania":"2 minuty"},"schema":{"@context":"https:\/\/schema.org","@graph":[{"@type":"WebPage","@id":"https:\/\/emerpolska.pl\/index.php\/produkt\/rozdzielacz-wtykowy-podwojny-r1-2-12-teflon\/","url":"https:\/\/emerpolska.pl\/index.php\/produkt\/rozdzielacz-wtykowy-podwojny-r1-2-12-teflon\/","name":"Enegic - Czujnik pr\u0105dowy do pomiaru produkcji el. z fotowoltaiki - 16mm - EMER Polska","isPartOf":{"@id":"https:\/\/emerpolska.pl\/#website"},"primaryImageOfPage":{"@id":"https:\/\/emerpolska.pl\/index.php\/produkt\/rozdzielacz-wtykowy-podwojny-r1-2-12-teflon\/#primaryimage"},"image":{"@id":"https:\/\/emerpolska.pl\/index.php\/produkt\/rozdzielacz-wtykowy-podwojny-r1-2-12-teflon\/#primaryimage"},"thumbnailUrl":"https:\/\/emerpolska.pl\/wp-content\/uploads\/2025\/07\/Czujnik_16mm_zwykle_przewody_Enegic-scaled.png","datePublished":"2025-07-24T21:23:44+00:00","dateModified":"2025-07-25T01:03:43+00:00","description":"Sensor dzi\u0119ki kt\u00f3remu nigdy nie przekroczysz mocy maksymalnej dla danego budynku. Dodatkowo b\u0119dziesz \u0142adowa\u0107 sw\u00f3j samoch\u00f3d energi\u0105 produkowan\u0105 przez w\u0142asn\u0105 instalacj\u0119 fotowoltaiczn\u0105.","breadcrumb":{"@id":"https:\/\/emerpolska.pl\/index.php\/produkt\/rozdzielacz-wtykowy-podwojny-r1-2-12-teflon\/#breadcrumb"},"inLanguage":"pl-PL","potentialAction":[{"@type":"ReadAction","target":["https:\/\/emerpolska.pl\/index.php\/produkt\/rozdzielacz-wtykowy-podwojny-r1-2-12-teflon\/"]}]},{"@type":"ImageObject","inLanguage":"pl-PL","@id":"https:\/\/emerpolska.pl\/index.php\/produkt\/rozdzielacz-wtykowy-podwojny-r1-2-12-teflon\/#primaryimage","url":"https:\/\/emerpolska.pl\/wp-content\/uploads\/2025\/07\/Czujnik_16mm_zwykle_przewody_Enegic-scaled.png","contentUrl":"https:\/\/emerpolska.pl\/wp-content\/uploads\/2025\/07\/Czujnik_16mm_zwykle_przewody_Enegic-scaled.png","width":2554,"height":2560},{"@type":"BreadcrumbList","@id":"https:\/\/emerpolska.pl\/index.php\/produkt\/rozdzielacz-wtykowy-podwojny-r1-2-12-teflon\/#breadcrumb","itemListElement":[{"@type":"ListItem","position":1,"name":"Strona g\u0142\u00f3wna","item":"https:\/\/emerpolska.pl\/"},{"@type":"ListItem","position":2,"name":"Jeste\u015bmy w przygotowaniu. Ju\u017c wkr\u00f3tce.","item":"https:\/\/emerpolska.pl\/index.php\/shop\/"},{"@type":"ListItem","position":3,"name":"Enegic &#8211; Czujnik pr\u0105dowy do pomiaru produkcji el. z fotowoltaiki &#8211; 16mm"}]},{"@type":"WebSite","@id":"https:\/\/emerpolska.pl\/#website","url":"https:\/\/emerpolska.pl\/","name":"EMER Polska","description":"Centrum Pneumatyki i Automatyki","publisher":{"@id":"https:\/\/emerpolska.pl\/#organization"},"potentialAction":[{"@type":"SearchAction","target":{"@type":"EntryPoint","urlTemplate":"https:\/\/emerpolska.pl\/?s={search_term_string}"},"query-input":{"@type":"PropertyValueSpecification","valueRequired":true,"valueName":"search_term_string"}}],"inLanguage":"pl-PL"},{"@type":"Organization","@id":"https:\/\/emerpolska.pl\/#organization","name":"EMER Polska","url":"https:\/\/emerpolska.pl\/","logo":{"@type":"ImageObject","inLanguage":"pl-PL","@id":"https:\/\/emerpolska.pl\/#\/schema\/logo\/image\/","url":"https:\/\/emerpolska.pl\/wp-content\/uploads\/2025\/07\/logo.jpg","contentUrl":"https:\/\/emerpolska.pl\/wp-content\/uploads\/2025\/07\/logo.jpg","width":1021,"height":362,"caption":"EMER Polska"},"image":{"@id":"https:\/\/emerpolska.pl\/#\/schema\/logo\/image\/"}}]}},"_links":{"self":[{"href":"https:\/\/emerpolska.pl\/index.php\/wp-json\/wp\/v2\/product\/1247","targetHints":{"allow":["GET"]}}],"collection":[{"href":"https:\/\/emerpolska.pl\/index.php\/wp-json\/wp\/v2\/product"}],"about":[{"href":"https:\/\/emerpolska.pl\/index.php\/wp-json\/wp\/v2\/types\/product"}],"replies":[{"embeddable":true,"href":"https:\/\/emerpolska.pl\/index.php\/wp-json\/wp\/v2\/comments?post=1247"}],"wp:featuredmedia":[{"embeddable":true,"href":"https:\/\/emerpolska.pl\/index.php\/wp-json\/wp\/v2\/media\/1378"}],"wp:attachment":[{"href":"https:\/\/emerpolska.pl\/index.php\/wp-json\/wp\/v2\/media?parent=1247"}],"wp:term":[{"taxonomy":"product_brand","embeddable":true,"href":"https:\/\/emerpolska.pl\/index.php\/wp-json\/wp\/v2\/product_brand?post=1247"},{"taxonomy":"product_cat","embeddable":true,"href":"https:\/\/emerpolska.pl\/index.php\/wp-json\/wp\/v2\/product_cat?post=1247"},{"taxonomy":"product_tag","embeddable":true,"href":"https:\/\/emerpolska.pl\/index.php\/wp-json\/wp\/v2\/product_tag?post=1247"}],"curies":[{"name":"wp","href":"https:\/\/api.w.org\/{rel}","templated":true}]}}