{"id":845,"date":"2025-07-24T23:19:33","date_gmt":"2025-07-24T21:19:33","guid":{"rendered":"https:\/\/emerpolska.pl\/index.php\/produkt\/przepustnica-kolnierzowa-sterowana-recznie-dn100\/"},"modified":"2025-07-24T23:19:33","modified_gmt":"2025-07-24T21:19:33","slug":"przepustnica-kolnierzowa-sterowana-recznie-dn100","status":"publish","type":"product","link":"https:\/\/emerpolska.pl\/index.php\/produkt\/przepustnica-kolnierzowa-sterowana-recznie-dn100\/","title":{"rendered":"PRZEPUSTNICA KO\u0141NIERZOWA STEROWANA R\u0118CZNIE DN100"},"content":{"rendered":"<p>{&#8222;sections&#8221;:[{&#8222;items&#8221;:[{&#8222;type&#8221;:&#8221;TEXT&#8221;,&#8221;content&#8221;:&#8221;<\/p>\n<h1>Przepustnica mi\u0119dzyko\u0142nierzowa<\/h1>\n<p>Posiadamy bogat\u0105 ofert\u0119  armatury przemys\u0142owej. W ofercie przepustnice sterowane r\u0119cznie lub nap\u0119dem. Wszystkie mo\u017cliwe rozmiary.Klient posiada mo\u017cliwo\u015b\u0107 wyboru odpowiedniego elementu.<\/p>\n<p>&#8211; Seria: 1125100<\/p>\n<p>&#8211; Zakres \u015brednic : DN 100<\/p>\n<p>&#8211; Przy\u0142\u0105cze : Mi\u0119dzyko\u0142nierzowe PN10\/16; ASA150 do DN600<\/p>\n<p>&#8211; Temperatura -10\u00b0C + 110\u00b0C (okresowo 130\u00b0C)<\/p>\n<p>&#8211; Max Ci\u015bnienie : 16 bar do DN300<\/p>\n<p>&#8211; Charakterystyka : D\u0142ugi trzpie\u0144 z ko\u0142nierzem pod izolacj\u0119 Dysk \u017celiwo sferoidalne O- ring Elastyczny wulkanizowany<\/p>\n<p>&#8211; Materia\u0142 : Korpus \u017beliwo GG25<\/p>\n<p>&#8211; D\u0142ugi trzpie\u0144 pod ew. izolacj\u0119<\/p>\n<p>&#8211; Wykonanie pod nap\u0119d wg Iso 5211<\/p>\n<p>&#8211; Ci\u015bnienie nom. PN10\/16 i ASA150 od DN 40 do DN 600<\/p>\n<p>&#8211; D\u017awignia 10-pozycyjna z mo\u017cliwo\u015bci\u0105 blokady po\u0142o\u017cenia do DN300<\/p>\n<p>&#8211; Uszczelnienie trzpienia PTFE<\/p>\n<p>&#8211; Pokrycie Epoxy RAL003 80 mikron\u00f3w<\/p>\n<p>&#8211; Woda zimna, woda pitna, woda ciep\u0142a, inne p\u0142yny og\u00f3lnie stosowane, w zakresie w\/w parametr\u00f3w<\/p>\n<p>&#8222;},{&#8222;type&#8221;:&#8221;IMAGE&#8221;,&#8221;url&#8221;:&#8221;https:\/\/a.allegroimg.com\/original\/11ae32\/bbbaaa6e4b3bad060c8803ad8a00&#8243;}]}]}<\/p>\n","protected":false},"excerpt":{"rendered":"<p>{&#8222;sections&#8221;:[{&#8222;items&#8221;:[{&#8222;type&#8221;:&#8221;TEXT&#8221;,&#8221;content&#8221;:&#8221; Przepustnica mi\u0119dzyko\u0142nierzowa Posiadamy bogat\u0105 ofert\u0119 armatury przemys\u0142owej. W ofercie przepustnice sterowane r\u0119cznie lub nap\u0119dem. Wszystkie mo\u017cliwe rozmiary.Klient posiada mo\u017cliwo\u015b\u0107 wyboru odpowiedniego elementu. &#8211; Seria: 1125100 &#8211; Zakres \u015brednic : DN 100 &#8211; Przy\u0142\u0105cze : Mi\u0119dzyko\u0142nierzowe PN10\/16; ASA150 do DN600 &#8211; Temperatura -10\u00b0C + 110\u00b0C (okresowo 130\u00b0C) &#8211; Max Ci\u015bnienie : 16 bar do DN300 [&hellip;]<\/p>\n","protected":false},"featured_media":0,"comment_status":"open","ping_status":"closed","template":"","meta":[],"product_brand":[62],"product_cat":[48],"product_tag":[],"class_list":{"0":"post-845","1":"product","2":"type-product","3":"status-publish","5":"product_brand-tekma","6":"product_cat-pneumatyka-121447","8":"first","9":"instock","10":"taxable","11":"shipping-taxable","12":"purchasable","13":"product-type-simple"},"yoast_head":"<!-- This site is optimized with the Yoast SEO plugin v27.0 - https:\/\/yoast.com\/product\/yoast-seo-wordpress\/ -->\n<title>PRZEPUSTNICA KO\u0141NIERZOWA STEROWANA R\u0118CZNIE DN100 - EMER Polska<\/title>\n<meta name=\"robots\" content=\"index, follow, max-snippet:-1, max-image-preview:large, max-video-preview:-1\" \/>\n<link rel=\"canonical\" href=\"https:\/\/emerpolska.pl\/index.php\/produkt\/przepustnica-kolnierzowa-sterowana-recznie-dn100\/\" \/>\n<meta property=\"og:locale\" content=\"pl_PL\" \/>\n<meta property=\"og:type\" content=\"article\" \/>\n<meta property=\"og:title\" content=\"PRZEPUSTNICA KO\u0141NIERZOWA STEROWANA R\u0118CZNIE DN100 - EMER Polska\" \/>\n<meta property=\"og:description\" content=\"{&#8222;sections&#8221;:[{&#8222;items&#8221;:[{&#8222;type&#8221;:&#8221;TEXT&#8221;,&#8221;content&#8221;:&#8221; Przepustnica mi\u0119dzyko\u0142nierzowa Posiadamy bogat\u0105 ofert\u0119 armatury przemys\u0142owej. W ofercie przepustnice sterowane r\u0119cznie lub nap\u0119dem. Wszystkie mo\u017cliwe rozmiary.Klient posiada mo\u017cliwo\u015b\u0107 wyboru odpowiedniego elementu. &#8211; Seria: 1125100 &#8211; Zakres \u015brednic : DN 100 &#8211; Przy\u0142\u0105cze : Mi\u0119dzyko\u0142nierzowe PN10\/16; ASA150 do DN600 &#8211; Temperatura -10\u00b0C + 110\u00b0C (okresowo 130\u00b0C) &#8211; Max Ci\u015bnienie : 16 bar do DN300 [&hellip;]\" \/>\n<meta property=\"og:url\" content=\"https:\/\/emerpolska.pl\/index.php\/produkt\/przepustnica-kolnierzowa-sterowana-recznie-dn100\/\" \/>\n<meta property=\"og:site_name\" content=\"EMER Polska\" \/>\n<meta name=\"twitter:card\" content=\"summary_large_image\" \/>\n<meta name=\"twitter:label1\" content=\"Szacowany czas czytania\" \/>\n\t<meta name=\"twitter:data1\" content=\"1 minuta\" \/>\n<script type=\"application\/ld+json\" class=\"yoast-schema-graph\">{\"@context\":\"https:\/\/schema.org\",\"@graph\":[{\"@type\":\"WebPage\",\"@id\":\"https:\/\/emerpolska.pl\/index.php\/produkt\/przepustnica-kolnierzowa-sterowana-recznie-dn100\/\",\"url\":\"https:\/\/emerpolska.pl\/index.php\/produkt\/przepustnica-kolnierzowa-sterowana-recznie-dn100\/\",\"name\":\"PRZEPUSTNICA KO\u0141NIERZOWA STEROWANA R\u0118CZNIE DN100 - EMER Polska\",\"isPartOf\":{\"@id\":\"https:\/\/emerpolska.pl\/#website\"},\"datePublished\":\"2025-07-24T21:19:33+00:00\",\"breadcrumb\":{\"@id\":\"https:\/\/emerpolska.pl\/index.php\/produkt\/przepustnica-kolnierzowa-sterowana-recznie-dn100\/#breadcrumb\"},\"inLanguage\":\"pl-PL\",\"potentialAction\":[{\"@type\":\"ReadAction\",\"target\":[\"https:\/\/emerpolska.pl\/index.php\/produkt\/przepustnica-kolnierzowa-sterowana-recznie-dn100\/\"]}]},{\"@type\":\"BreadcrumbList\",\"@id\":\"https:\/\/emerpolska.pl\/index.php\/produkt\/przepustnica-kolnierzowa-sterowana-recznie-dn100\/#breadcrumb\",\"itemListElement\":[{\"@type\":\"ListItem\",\"position\":1,\"name\":\"Strona g\u0142\u00f3wna\",\"item\":\"https:\/\/emerpolska.pl\/\"},{\"@type\":\"ListItem\",\"position\":2,\"name\":\"Jeste\u015bmy w przygotowaniu. Ju\u017c wkr\u00f3tce.\",\"item\":\"https:\/\/emerpolska.pl\/index.php\/shop\/\"},{\"@type\":\"ListItem\",\"position\":3,\"name\":\"PRZEPUSTNICA KO\u0141NIERZOWA STEROWANA R\u0118CZNIE DN100\"}]},{\"@type\":\"WebSite\",\"@id\":\"https:\/\/emerpolska.pl\/#website\",\"url\":\"https:\/\/emerpolska.pl\/\",\"name\":\"EMER Polska\",\"description\":\"Centrum Pneumatyki i Automatyki\",\"publisher\":{\"@id\":\"https:\/\/emerpolska.pl\/#organization\"},\"potentialAction\":[{\"@type\":\"SearchAction\",\"target\":{\"@type\":\"EntryPoint\",\"urlTemplate\":\"https:\/\/emerpolska.pl\/?s={search_term_string}\"},\"query-input\":{\"@type\":\"PropertyValueSpecification\",\"valueRequired\":true,\"valueName\":\"search_term_string\"}}],\"inLanguage\":\"pl-PL\"},{\"@type\":\"Organization\",\"@id\":\"https:\/\/emerpolska.pl\/#organization\",\"name\":\"EMER Polska\",\"url\":\"https:\/\/emerpolska.pl\/\",\"logo\":{\"@type\":\"ImageObject\",\"inLanguage\":\"pl-PL\",\"@id\":\"https:\/\/emerpolska.pl\/#\/schema\/logo\/image\/\",\"url\":\"https:\/\/emerpolska.pl\/wp-content\/uploads\/2025\/07\/logo.jpg\",\"contentUrl\":\"https:\/\/emerpolska.pl\/wp-content\/uploads\/2025\/07\/logo.jpg\",\"width\":1021,\"height\":362,\"caption\":\"EMER Polska\"},\"image\":{\"@id\":\"https:\/\/emerpolska.pl\/#\/schema\/logo\/image\/\"}}]}<\/script>\n<!-- \/ Yoast SEO plugin. -->","yoast_head_json":{"title":"PRZEPUSTNICA KO\u0141NIERZOWA STEROWANA R\u0118CZNIE DN100 - EMER Polska","robots":{"index":"index","follow":"follow","max-snippet":"max-snippet:-1","max-image-preview":"max-image-preview:large","max-video-preview":"max-video-preview:-1"},"canonical":"https:\/\/emerpolska.pl\/index.php\/produkt\/przepustnica-kolnierzowa-sterowana-recznie-dn100\/","og_locale":"pl_PL","og_type":"article","og_title":"PRZEPUSTNICA KO\u0141NIERZOWA STEROWANA R\u0118CZNIE DN100 - EMER Polska","og_description":"{&#8222;sections&#8221;:[{&#8222;items&#8221;:[{&#8222;type&#8221;:&#8221;TEXT&#8221;,&#8221;content&#8221;:&#8221; Przepustnica mi\u0119dzyko\u0142nierzowa Posiadamy bogat\u0105 ofert\u0119 armatury przemys\u0142owej. W ofercie przepustnice sterowane r\u0119cznie lub nap\u0119dem. Wszystkie mo\u017cliwe rozmiary.Klient posiada mo\u017cliwo\u015b\u0107 wyboru odpowiedniego elementu. &#8211; Seria: 1125100 &#8211; Zakres \u015brednic : DN 100 &#8211; Przy\u0142\u0105cze : Mi\u0119dzyko\u0142nierzowe PN10\/16; ASA150 do DN600 &#8211; Temperatura -10\u00b0C + 110\u00b0C (okresowo 130\u00b0C) &#8211; Max Ci\u015bnienie : 16 bar do DN300 [&hellip;]","og_url":"https:\/\/emerpolska.pl\/index.php\/produkt\/przepustnica-kolnierzowa-sterowana-recznie-dn100\/","og_site_name":"EMER Polska","twitter_card":"summary_large_image","twitter_misc":{"Szacowany czas czytania":"1 minuta"},"schema":{"@context":"https:\/\/schema.org","@graph":[{"@type":"WebPage","@id":"https:\/\/emerpolska.pl\/index.php\/produkt\/przepustnica-kolnierzowa-sterowana-recznie-dn100\/","url":"https:\/\/emerpolska.pl\/index.php\/produkt\/przepustnica-kolnierzowa-sterowana-recznie-dn100\/","name":"PRZEPUSTNICA KO\u0141NIERZOWA STEROWANA R\u0118CZNIE DN100 - EMER Polska","isPartOf":{"@id":"https:\/\/emerpolska.pl\/#website"},"datePublished":"2025-07-24T21:19:33+00:00","breadcrumb":{"@id":"https:\/\/emerpolska.pl\/index.php\/produkt\/przepustnica-kolnierzowa-sterowana-recznie-dn100\/#breadcrumb"},"inLanguage":"pl-PL","potentialAction":[{"@type":"ReadAction","target":["https:\/\/emerpolska.pl\/index.php\/produkt\/przepustnica-kolnierzowa-sterowana-recznie-dn100\/"]}]},{"@type":"BreadcrumbList","@id":"https:\/\/emerpolska.pl\/index.php\/produkt\/przepustnica-kolnierzowa-sterowana-recznie-dn100\/#breadcrumb","itemListElement":[{"@type":"ListItem","position":1,"name":"Strona g\u0142\u00f3wna","item":"https:\/\/emerpolska.pl\/"},{"@type":"ListItem","position":2,"name":"Jeste\u015bmy w przygotowaniu. Ju\u017c wkr\u00f3tce.","item":"https:\/\/emerpolska.pl\/index.php\/shop\/"},{"@type":"ListItem","position":3,"name":"PRZEPUSTNICA KO\u0141NIERZOWA STEROWANA R\u0118CZNIE DN100"}]},{"@type":"WebSite","@id":"https:\/\/emerpolska.pl\/#website","url":"https:\/\/emerpolska.pl\/","name":"EMER Polska","description":"Centrum Pneumatyki i Automatyki","publisher":{"@id":"https:\/\/emerpolska.pl\/#organization"},"potentialAction":[{"@type":"SearchAction","target":{"@type":"EntryPoint","urlTemplate":"https:\/\/emerpolska.pl\/?s={search_term_string}"},"query-input":{"@type":"PropertyValueSpecification","valueRequired":true,"valueName":"search_term_string"}}],"inLanguage":"pl-PL"},{"@type":"Organization","@id":"https:\/\/emerpolska.pl\/#organization","name":"EMER Polska","url":"https:\/\/emerpolska.pl\/","logo":{"@type":"ImageObject","inLanguage":"pl-PL","@id":"https:\/\/emerpolska.pl\/#\/schema\/logo\/image\/","url":"https:\/\/emerpolska.pl\/wp-content\/uploads\/2025\/07\/logo.jpg","contentUrl":"https:\/\/emerpolska.pl\/wp-content\/uploads\/2025\/07\/logo.jpg","width":1021,"height":362,"caption":"EMER Polska"},"image":{"@id":"https:\/\/emerpolska.pl\/#\/schema\/logo\/image\/"}}]}},"_links":{"self":[{"href":"https:\/\/emerpolska.pl\/index.php\/wp-json\/wp\/v2\/product\/845","targetHints":{"allow":["GET"]}}],"collection":[{"href":"https:\/\/emerpolska.pl\/index.php\/wp-json\/wp\/v2\/product"}],"about":[{"href":"https:\/\/emerpolska.pl\/index.php\/wp-json\/wp\/v2\/types\/product"}],"replies":[{"embeddable":true,"href":"https:\/\/emerpolska.pl\/index.php\/wp-json\/wp\/v2\/comments?post=845"}],"wp:attachment":[{"href":"https:\/\/emerpolska.pl\/index.php\/wp-json\/wp\/v2\/media?parent=845"}],"wp:term":[{"taxonomy":"product_brand","embeddable":true,"href":"https:\/\/emerpolska.pl\/index.php\/wp-json\/wp\/v2\/product_brand?post=845"},{"taxonomy":"product_cat","embeddable":true,"href":"https:\/\/emerpolska.pl\/index.php\/wp-json\/wp\/v2\/product_cat?post=845"},{"taxonomy":"product_tag","embeddable":true,"href":"https:\/\/emerpolska.pl\/index.php\/wp-json\/wp\/v2\/product_tag?post=845"}],"curies":[{"name":"wp","href":"https:\/\/api.w.org\/{rel}","templated":true}]}}