{"id":859,"date":"2025-07-24T23:19:39","date_gmt":"2025-07-24T21:19:39","guid":{"rendered":"https:\/\/emerpolska.pl\/index.php\/produkt\/balanser-auto-do-przewodu-pneumatycznego-8-x-5mm\/"},"modified":"2025-07-28T12:05:15","modified_gmt":"2025-07-28T10:05:15","slug":"balanser-auto-do-przewodu-pneumatycznego-8-x-5mm","status":"publish","type":"product","link":"https:\/\/emerpolska.pl\/index.php\/produkt\/balanser-auto-do-przewodu-pneumatycznego-8-x-5mm\/","title":{"rendered":"Balanser auto do przewodu pneumatycznego 8 x 5mm"},"content":{"rendered":"<p>&nbsp;<\/p>\n<h1>Balanser auto<\/h1>\n<p>Typ HR-09-50-20<\/p>\n<p>&#8211; \u015arednica przewodu 8 x 5 mm<\/p>\n<p>&#8211; D\u0142ugo\u015b\u0107 2 m<\/p>\n<p>&#8211; Przy\u0142\u0105cze 1\/4&#8243;<\/p>\n<p>&#8211; Ci\u015bnienie 7 bar<\/p>\n<p>&#8211; Obci\u0105\u017cenia 0 &#8211; 1,5 kg<\/p>\n<p>&#8211; Typ konstrukcji: zamkni\u0119ta<\/p>\n<p>&#8211; Materia\u0142 konstrukcji: tworzywo sztuczne odporne na uszkodzenia mechaniczne (ABS)<\/p>\n<p>&#8211; Temperatura pracy: -5\u00b0C \u00f7 +60\u00b0C<\/p>\n<p>&#8211; Rodzaj przewodu: poliuretan<\/p>\n<p>&#8211; Spos\u00f3b monta\u017cu: mo\u017cliwo\u015b\u0107 zawieszenia na haku lub przymocowania do sufitu<\/p>\n<p>&#8211; Rozmiar ca\u0142kowity: 21 x 16 x 11 cm<\/p>\n<p>&#8211; Waga: 1 kg<\/p>\n","protected":false},"excerpt":{"rendered":"<p>&nbsp; Balanser auto Typ HR-09-50-20 &#8211; \u015arednica przewodu 8 x 5 mm &#8211; D\u0142ugo\u015b\u0107 2 m &#8211; Przy\u0142\u0105cze 1\/4&#8243; &#8211; Ci\u015bnienie 7 bar &#8211; Obci\u0105\u017cenia 0 &#8211; 1,5 kg &#8211; Typ konstrukcji: zamkni\u0119ta &#8211; Materia\u0142 konstrukcji: tworzywo sztuczne odporne na uszkodzenia mechaniczne (ABS) &#8211; Temperatura pracy: -5\u00b0C \u00f7 +60\u00b0C &#8211; Rodzaj przewodu: poliuretan &#8211; Spos\u00f3b [&hellip;]<\/p>\n","protected":false},"featured_media":1473,"comment_status":"closed","ping_status":"closed","template":"","meta":[],"product_brand":[60],"product_cat":[48],"product_tag":[],"class_list":{"0":"post-859","1":"product","2":"type-product","3":"status-publish","4":"has-post-thumbnail","6":"product_brand-inny","7":"product_cat-pneumatyka-121447","9":"first","10":"instock","11":"taxable","12":"shipping-taxable","13":"purchasable","14":"product-type-simple"},"yoast_head":"<!-- This site is optimized with the Yoast SEO plugin v27.0 - https:\/\/yoast.com\/product\/yoast-seo-wordpress\/ -->\n<title>Balanser auto do przewodu pneumatycznego 8 x 5mm - EMER Polska<\/title>\n<meta name=\"robots\" content=\"index, follow, max-snippet:-1, max-image-preview:large, max-video-preview:-1\" \/>\n<link rel=\"canonical\" href=\"https:\/\/emerpolska.pl\/index.php\/produkt\/balanser-auto-do-przewodu-pneumatycznego-8-x-5mm\/\" \/>\n<meta property=\"og:locale\" content=\"pl_PL\" \/>\n<meta property=\"og:type\" content=\"article\" \/>\n<meta property=\"og:title\" content=\"Balanser auto do przewodu pneumatycznego 8 x 5mm - EMER Polska\" \/>\n<meta property=\"og:description\" content=\"&nbsp; Balanser auto Typ HR-09-50-20 &#8211; \u015arednica przewodu 8 x 5 mm &#8211; D\u0142ugo\u015b\u0107 2 m &#8211; Przy\u0142\u0105cze 1\/4&#8243; &#8211; Ci\u015bnienie 7 bar &#8211; Obci\u0105\u017cenia 0 &#8211; 1,5 kg &#8211; Typ konstrukcji: zamkni\u0119ta &#8211; Materia\u0142 konstrukcji: tworzywo sztuczne odporne na uszkodzenia mechaniczne (ABS) &#8211; Temperatura pracy: -5\u00b0C \u00f7 +60\u00b0C &#8211; Rodzaj przewodu: poliuretan &#8211; Spos\u00f3b [&hellip;]\" \/>\n<meta property=\"og:url\" content=\"https:\/\/emerpolska.pl\/index.php\/produkt\/balanser-auto-do-przewodu-pneumatycznego-8-x-5mm\/\" \/>\n<meta property=\"og:site_name\" content=\"EMER Polska\" \/>\n<meta property=\"article:modified_time\" content=\"2025-07-28T10:05:15+00:00\" \/>\n<meta property=\"og:image\" content=\"https:\/\/emerpolska.pl\/wp-content\/uploads\/2025\/07\/balanser-HR09.webp\" \/>\n\t<meta property=\"og:image:width\" content=\"250\" \/>\n\t<meta property=\"og:image:height\" content=\"250\" \/>\n\t<meta property=\"og:image:type\" content=\"image\/webp\" \/>\n<meta name=\"twitter:card\" content=\"summary_large_image\" \/>\n<meta name=\"twitter:label1\" content=\"Szacowany czas czytania\" \/>\n\t<meta name=\"twitter:data1\" content=\"1 minuta\" \/>\n<script type=\"application\/ld+json\" class=\"yoast-schema-graph\">{\"@context\":\"https:\/\/schema.org\",\"@graph\":[{\"@type\":\"WebPage\",\"@id\":\"https:\/\/emerpolska.pl\/index.php\/produkt\/balanser-auto-do-przewodu-pneumatycznego-8-x-5mm\/\",\"url\":\"https:\/\/emerpolska.pl\/index.php\/produkt\/balanser-auto-do-przewodu-pneumatycznego-8-x-5mm\/\",\"name\":\"Balanser auto do przewodu pneumatycznego 8 x 5mm - EMER Polska\",\"isPartOf\":{\"@id\":\"https:\/\/emerpolska.pl\/#website\"},\"primaryImageOfPage\":{\"@id\":\"https:\/\/emerpolska.pl\/index.php\/produkt\/balanser-auto-do-przewodu-pneumatycznego-8-x-5mm\/#primaryimage\"},\"image\":{\"@id\":\"https:\/\/emerpolska.pl\/index.php\/produkt\/balanser-auto-do-przewodu-pneumatycznego-8-x-5mm\/#primaryimage\"},\"thumbnailUrl\":\"https:\/\/emerpolska.pl\/wp-content\/uploads\/2025\/07\/balanser-HR09.webp\",\"datePublished\":\"2025-07-24T21:19:39+00:00\",\"dateModified\":\"2025-07-28T10:05:15+00:00\",\"breadcrumb\":{\"@id\":\"https:\/\/emerpolska.pl\/index.php\/produkt\/balanser-auto-do-przewodu-pneumatycznego-8-x-5mm\/#breadcrumb\"},\"inLanguage\":\"pl-PL\",\"potentialAction\":[{\"@type\":\"ReadAction\",\"target\":[\"https:\/\/emerpolska.pl\/index.php\/produkt\/balanser-auto-do-przewodu-pneumatycznego-8-x-5mm\/\"]}]},{\"@type\":\"ImageObject\",\"inLanguage\":\"pl-PL\",\"@id\":\"https:\/\/emerpolska.pl\/index.php\/produkt\/balanser-auto-do-przewodu-pneumatycznego-8-x-5mm\/#primaryimage\",\"url\":\"https:\/\/emerpolska.pl\/wp-content\/uploads\/2025\/07\/balanser-HR09.webp\",\"contentUrl\":\"https:\/\/emerpolska.pl\/wp-content\/uploads\/2025\/07\/balanser-HR09.webp\",\"width\":250,\"height\":250},{\"@type\":\"BreadcrumbList\",\"@id\":\"https:\/\/emerpolska.pl\/index.php\/produkt\/balanser-auto-do-przewodu-pneumatycznego-8-x-5mm\/#breadcrumb\",\"itemListElement\":[{\"@type\":\"ListItem\",\"position\":1,\"name\":\"Strona g\u0142\u00f3wna\",\"item\":\"https:\/\/emerpolska.pl\/\"},{\"@type\":\"ListItem\",\"position\":2,\"name\":\"Jeste\u015bmy w przygotowaniu. Ju\u017c wkr\u00f3tce.\",\"item\":\"https:\/\/emerpolska.pl\/index.php\/shop\/\"},{\"@type\":\"ListItem\",\"position\":3,\"name\":\"Balanser auto do przewodu pneumatycznego 8 x 5mm\"}]},{\"@type\":\"WebSite\",\"@id\":\"https:\/\/emerpolska.pl\/#website\",\"url\":\"https:\/\/emerpolska.pl\/\",\"name\":\"EMER Polska\",\"description\":\"Centrum Pneumatyki i Automatyki\",\"publisher\":{\"@id\":\"https:\/\/emerpolska.pl\/#organization\"},\"potentialAction\":[{\"@type\":\"SearchAction\",\"target\":{\"@type\":\"EntryPoint\",\"urlTemplate\":\"https:\/\/emerpolska.pl\/?s={search_term_string}\"},\"query-input\":{\"@type\":\"PropertyValueSpecification\",\"valueRequired\":true,\"valueName\":\"search_term_string\"}}],\"inLanguage\":\"pl-PL\"},{\"@type\":\"Organization\",\"@id\":\"https:\/\/emerpolska.pl\/#organization\",\"name\":\"EMER Polska\",\"url\":\"https:\/\/emerpolska.pl\/\",\"logo\":{\"@type\":\"ImageObject\",\"inLanguage\":\"pl-PL\",\"@id\":\"https:\/\/emerpolska.pl\/#\/schema\/logo\/image\/\",\"url\":\"https:\/\/emerpolska.pl\/wp-content\/uploads\/2025\/07\/logo.jpg\",\"contentUrl\":\"https:\/\/emerpolska.pl\/wp-content\/uploads\/2025\/07\/logo.jpg\",\"width\":1021,\"height\":362,\"caption\":\"EMER Polska\"},\"image\":{\"@id\":\"https:\/\/emerpolska.pl\/#\/schema\/logo\/image\/\"}}]}<\/script>\n<!-- \/ Yoast SEO plugin. -->","yoast_head_json":{"title":"Balanser auto do przewodu pneumatycznego 8 x 5mm - EMER Polska","robots":{"index":"index","follow":"follow","max-snippet":"max-snippet:-1","max-image-preview":"max-image-preview:large","max-video-preview":"max-video-preview:-1"},"canonical":"https:\/\/emerpolska.pl\/index.php\/produkt\/balanser-auto-do-przewodu-pneumatycznego-8-x-5mm\/","og_locale":"pl_PL","og_type":"article","og_title":"Balanser auto do przewodu pneumatycznego 8 x 5mm - EMER Polska","og_description":"&nbsp; Balanser auto Typ HR-09-50-20 &#8211; \u015arednica przewodu 8 x 5 mm &#8211; D\u0142ugo\u015b\u0107 2 m &#8211; Przy\u0142\u0105cze 1\/4&#8243; &#8211; Ci\u015bnienie 7 bar &#8211; Obci\u0105\u017cenia 0 &#8211; 1,5 kg &#8211; Typ konstrukcji: zamkni\u0119ta &#8211; Materia\u0142 konstrukcji: tworzywo sztuczne odporne na uszkodzenia mechaniczne (ABS) &#8211; Temperatura pracy: -5\u00b0C \u00f7 +60\u00b0C &#8211; Rodzaj przewodu: poliuretan &#8211; Spos\u00f3b [&hellip;]","og_url":"https:\/\/emerpolska.pl\/index.php\/produkt\/balanser-auto-do-przewodu-pneumatycznego-8-x-5mm\/","og_site_name":"EMER Polska","article_modified_time":"2025-07-28T10:05:15+00:00","og_image":[{"width":250,"height":250,"url":"https:\/\/emerpolska.pl\/wp-content\/uploads\/2025\/07\/balanser-HR09.webp","type":"image\/webp"}],"twitter_card":"summary_large_image","twitter_misc":{"Szacowany czas czytania":"1 minuta"},"schema":{"@context":"https:\/\/schema.org","@graph":[{"@type":"WebPage","@id":"https:\/\/emerpolska.pl\/index.php\/produkt\/balanser-auto-do-przewodu-pneumatycznego-8-x-5mm\/","url":"https:\/\/emerpolska.pl\/index.php\/produkt\/balanser-auto-do-przewodu-pneumatycznego-8-x-5mm\/","name":"Balanser auto do przewodu pneumatycznego 8 x 5mm - EMER Polska","isPartOf":{"@id":"https:\/\/emerpolska.pl\/#website"},"primaryImageOfPage":{"@id":"https:\/\/emerpolska.pl\/index.php\/produkt\/balanser-auto-do-przewodu-pneumatycznego-8-x-5mm\/#primaryimage"},"image":{"@id":"https:\/\/emerpolska.pl\/index.php\/produkt\/balanser-auto-do-przewodu-pneumatycznego-8-x-5mm\/#primaryimage"},"thumbnailUrl":"https:\/\/emerpolska.pl\/wp-content\/uploads\/2025\/07\/balanser-HR09.webp","datePublished":"2025-07-24T21:19:39+00:00","dateModified":"2025-07-28T10:05:15+00:00","breadcrumb":{"@id":"https:\/\/emerpolska.pl\/index.php\/produkt\/balanser-auto-do-przewodu-pneumatycznego-8-x-5mm\/#breadcrumb"},"inLanguage":"pl-PL","potentialAction":[{"@type":"ReadAction","target":["https:\/\/emerpolska.pl\/index.php\/produkt\/balanser-auto-do-przewodu-pneumatycznego-8-x-5mm\/"]}]},{"@type":"ImageObject","inLanguage":"pl-PL","@id":"https:\/\/emerpolska.pl\/index.php\/produkt\/balanser-auto-do-przewodu-pneumatycznego-8-x-5mm\/#primaryimage","url":"https:\/\/emerpolska.pl\/wp-content\/uploads\/2025\/07\/balanser-HR09.webp","contentUrl":"https:\/\/emerpolska.pl\/wp-content\/uploads\/2025\/07\/balanser-HR09.webp","width":250,"height":250},{"@type":"BreadcrumbList","@id":"https:\/\/emerpolska.pl\/index.php\/produkt\/balanser-auto-do-przewodu-pneumatycznego-8-x-5mm\/#breadcrumb","itemListElement":[{"@type":"ListItem","position":1,"name":"Strona g\u0142\u00f3wna","item":"https:\/\/emerpolska.pl\/"},{"@type":"ListItem","position":2,"name":"Jeste\u015bmy w przygotowaniu. Ju\u017c wkr\u00f3tce.","item":"https:\/\/emerpolska.pl\/index.php\/shop\/"},{"@type":"ListItem","position":3,"name":"Balanser auto do przewodu pneumatycznego 8 x 5mm"}]},{"@type":"WebSite","@id":"https:\/\/emerpolska.pl\/#website","url":"https:\/\/emerpolska.pl\/","name":"EMER Polska","description":"Centrum Pneumatyki i Automatyki","publisher":{"@id":"https:\/\/emerpolska.pl\/#organization"},"potentialAction":[{"@type":"SearchAction","target":{"@type":"EntryPoint","urlTemplate":"https:\/\/emerpolska.pl\/?s={search_term_string}"},"query-input":{"@type":"PropertyValueSpecification","valueRequired":true,"valueName":"search_term_string"}}],"inLanguage":"pl-PL"},{"@type":"Organization","@id":"https:\/\/emerpolska.pl\/#organization","name":"EMER Polska","url":"https:\/\/emerpolska.pl\/","logo":{"@type":"ImageObject","inLanguage":"pl-PL","@id":"https:\/\/emerpolska.pl\/#\/schema\/logo\/image\/","url":"https:\/\/emerpolska.pl\/wp-content\/uploads\/2025\/07\/logo.jpg","contentUrl":"https:\/\/emerpolska.pl\/wp-content\/uploads\/2025\/07\/logo.jpg","width":1021,"height":362,"caption":"EMER Polska"},"image":{"@id":"https:\/\/emerpolska.pl\/#\/schema\/logo\/image\/"}}]}},"_links":{"self":[{"href":"https:\/\/emerpolska.pl\/index.php\/wp-json\/wp\/v2\/product\/859","targetHints":{"allow":["GET"]}}],"collection":[{"href":"https:\/\/emerpolska.pl\/index.php\/wp-json\/wp\/v2\/product"}],"about":[{"href":"https:\/\/emerpolska.pl\/index.php\/wp-json\/wp\/v2\/types\/product"}],"replies":[{"embeddable":true,"href":"https:\/\/emerpolska.pl\/index.php\/wp-json\/wp\/v2\/comments?post=859"}],"wp:featuredmedia":[{"embeddable":true,"href":"https:\/\/emerpolska.pl\/index.php\/wp-json\/wp\/v2\/media\/1473"}],"wp:attachment":[{"href":"https:\/\/emerpolska.pl\/index.php\/wp-json\/wp\/v2\/media?parent=859"}],"wp:term":[{"taxonomy":"product_brand","embeddable":true,"href":"https:\/\/emerpolska.pl\/index.php\/wp-json\/wp\/v2\/product_brand?post=859"},{"taxonomy":"product_cat","embeddable":true,"href":"https:\/\/emerpolska.pl\/index.php\/wp-json\/wp\/v2\/product_cat?post=859"},{"taxonomy":"product_tag","embeddable":true,"href":"https:\/\/emerpolska.pl\/index.php\/wp-json\/wp\/v2\/product_tag?post=859"}],"curies":[{"name":"wp","href":"https:\/\/api.w.org\/{rel}","templated":true}]}}