{"id":928,"date":"2025-07-24T23:20:29","date_gmt":"2025-07-24T21:20:29","guid":{"rendered":"https:\/\/emerpolska.pl\/index.php\/produkt\/silownik-pneumatyczny-50x50-60m2l050a0050-iso15552\/"},"modified":"2025-07-24T23:20:29","modified_gmt":"2025-07-24T21:20:29","slug":"silownik-pneumatyczny-50x50-60m2l050a0050-iso15552","status":"publish","type":"product","link":"https:\/\/emerpolska.pl\/index.php\/produkt\/silownik-pneumatyczny-50x50-60m2l050a0050-iso15552\/","title":{"rendered":"SI\u0141OWNIK PNEUMATYCZNY 50&#215;50 60M2L050A0050 ISO15552"},"content":{"rendered":"<p>{&#8222;sections&#8221;:[{&#8222;items&#8221;:[{&#8222;type&#8221;:&#8221;TEXT&#8221;,&#8221;content&#8221;:&#8221;<\/p>\n<h1>Si\u0142ownik pneumatyczny 50 x 50mm<\/h1>\n<p>W ofercie posiadamy wszystkie typy si\u0142ownik\u00f3w pneumatycznych w\u0142oskiego producenta Camozzi. Standardowe si\u0142owniki ISO produkujemy w 24 godziny. Posiadamy ca\u0142y typoszereg \u015brednic t\u0142oka jak i rozmiar skok\u00f3w. Si\u0142owniki charakteryzuj\u0105 si\u0119 wysok\u0105 jako\u015bci\u0105 materia\u0142\u00f3w dzi\u0119ki czemu maj\u0105 d\u0142ug\u0105 \u017cywotno\u015b\u0107. Mo\u017cliwo\u015b\u0107 dokupienia samych uszczelnie\u0144.<\/p>\n<p>Model: 60M2L050A0050<\/p>\n<p>Standard: ISO 6431\/15552<\/p>\n<p>Producent: Camozzi<\/p>\n<p>\u015arednica t\u0142oka: 50 mm<\/p>\n<p>Skok: 50 mm<\/p>\n<p>Przy\u0142\u0105cze: G 1\/4&#8243;<\/p>\n<p>Gwint t\u0142oczyska: M16x1,5<\/p>\n<p>Dzia\u0142anie: dwustronne<\/p>\n<p>Medium: spr\u0119\u017cone powietrze<\/p>\n<p>Zakres ci\u015bnie\u0144: 1-10 bar<\/p>\n<p>Zakres temperatur: -20oC &#8230; +80oC<\/p>\n<p>G\u0142owica i t\u0142ok: aluminium<\/p>\n<p>T\u0142oczysko stal nierdzewna AISI420B<\/p>\n<p>Rura aluminium anodowane<\/p>\n<p>Szpilki cynkowane<\/p>\n<p>Uszczelnienia: poliuretan + NBR<\/p>\n<p>Amortyzacja: pneumatyczna regulowana<\/p>\n<p>Magnetyczny: tak<\/p>\n<p>Wersja specjalna na zam\u00f3wienie<\/p>\n<p>&#8222;},{&#8222;type&#8221;:&#8221;IMAGE&#8221;,&#8221;url&#8221;:&#8221;https:\/\/a.allegroimg.com\/original\/11b0f8\/a6ac7b134f58a666d609e5c4e819&#8243;}]},{&#8222;items&#8221;:[{&#8222;type&#8221;:&#8221;IMAGE&#8221;,&#8221;url&#8221;:&#8221;https:\/\/a.allegroimg.com\/original\/11c097\/29c63e8041bbbc3f01cab04d3854&#8243;}]}]}<\/p>\n","protected":false},"excerpt":{"rendered":"<p>{&#8222;sections&#8221;:[{&#8222;items&#8221;:[{&#8222;type&#8221;:&#8221;TEXT&#8221;,&#8221;content&#8221;:&#8221; Si\u0142ownik pneumatyczny 50 x 50mm W ofercie posiadamy wszystkie typy si\u0142ownik\u00f3w pneumatycznych w\u0142oskiego producenta Camozzi. Standardowe si\u0142owniki ISO produkujemy w 24 godziny. Posiadamy ca\u0142y typoszereg \u015brednic t\u0142oka jak i rozmiar skok\u00f3w. Si\u0142owniki charakteryzuj\u0105 si\u0119 wysok\u0105 jako\u015bci\u0105 materia\u0142\u00f3w dzi\u0119ki czemu maj\u0105 d\u0142ug\u0105 \u017cywotno\u015b\u0107. Mo\u017cliwo\u015b\u0107 dokupienia samych uszczelnie\u0144. Model: 60M2L050A0050 Standard: ISO 6431\/15552 Producent: Camozzi \u015arednica [&hellip;]<\/p>\n","protected":false},"featured_media":0,"comment_status":"open","ping_status":"closed","template":"","meta":[],"product_brand":[52],"product_cat":[48],"product_tag":[],"class_list":{"0":"post-928","1":"product","2":"type-product","3":"status-publish","5":"product_brand-camozzi","6":"product_cat-pneumatyka-121447","8":"first","9":"instock","10":"taxable","11":"shipping-taxable","12":"purchasable","13":"product-type-simple"},"yoast_head":"<!-- This site is optimized with the Yoast SEO plugin v27.0 - https:\/\/yoast.com\/product\/yoast-seo-wordpress\/ -->\n<title>SI\u0141OWNIK PNEUMATYCZNY 50x50 60M2L050A0050 ISO15552 - EMER Polska<\/title>\n<meta name=\"robots\" content=\"index, follow, max-snippet:-1, max-image-preview:large, max-video-preview:-1\" \/>\n<link rel=\"canonical\" href=\"https:\/\/emerpolska.pl\/index.php\/produkt\/silownik-pneumatyczny-50x50-60m2l050a0050-iso15552\/\" \/>\n<meta property=\"og:locale\" content=\"pl_PL\" \/>\n<meta property=\"og:type\" content=\"article\" \/>\n<meta property=\"og:title\" content=\"SI\u0141OWNIK PNEUMATYCZNY 50x50 60M2L050A0050 ISO15552 - EMER Polska\" \/>\n<meta property=\"og:description\" content=\"{&#8222;sections&#8221;:[{&#8222;items&#8221;:[{&#8222;type&#8221;:&#8221;TEXT&#8221;,&#8221;content&#8221;:&#8221; Si\u0142ownik pneumatyczny 50 x 50mm W ofercie posiadamy wszystkie typy si\u0142ownik\u00f3w pneumatycznych w\u0142oskiego producenta Camozzi. Standardowe si\u0142owniki ISO produkujemy w 24 godziny. Posiadamy ca\u0142y typoszereg \u015brednic t\u0142oka jak i rozmiar skok\u00f3w. Si\u0142owniki charakteryzuj\u0105 si\u0119 wysok\u0105 jako\u015bci\u0105 materia\u0142\u00f3w dzi\u0119ki czemu maj\u0105 d\u0142ug\u0105 \u017cywotno\u015b\u0107. Mo\u017cliwo\u015b\u0107 dokupienia samych uszczelnie\u0144. Model: 60M2L050A0050 Standard: ISO 6431\/15552 Producent: Camozzi \u015arednica [&hellip;]\" \/>\n<meta property=\"og:url\" content=\"https:\/\/emerpolska.pl\/index.php\/produkt\/silownik-pneumatyczny-50x50-60m2l050a0050-iso15552\/\" \/>\n<meta property=\"og:site_name\" content=\"EMER Polska\" \/>\n<meta name=\"twitter:card\" content=\"summary_large_image\" \/>\n<meta name=\"twitter:label1\" content=\"Szacowany czas czytania\" \/>\n\t<meta name=\"twitter:data1\" content=\"1 minuta\" \/>\n<script type=\"application\/ld+json\" class=\"yoast-schema-graph\">{\"@context\":\"https:\/\/schema.org\",\"@graph\":[{\"@type\":\"WebPage\",\"@id\":\"https:\/\/emerpolska.pl\/index.php\/produkt\/silownik-pneumatyczny-50x50-60m2l050a0050-iso15552\/\",\"url\":\"https:\/\/emerpolska.pl\/index.php\/produkt\/silownik-pneumatyczny-50x50-60m2l050a0050-iso15552\/\",\"name\":\"SI\u0141OWNIK PNEUMATYCZNY 50x50 60M2L050A0050 ISO15552 - EMER Polska\",\"isPartOf\":{\"@id\":\"https:\/\/emerpolska.pl\/#website\"},\"datePublished\":\"2025-07-24T21:20:29+00:00\",\"breadcrumb\":{\"@id\":\"https:\/\/emerpolska.pl\/index.php\/produkt\/silownik-pneumatyczny-50x50-60m2l050a0050-iso15552\/#breadcrumb\"},\"inLanguage\":\"pl-PL\",\"potentialAction\":[{\"@type\":\"ReadAction\",\"target\":[\"https:\/\/emerpolska.pl\/index.php\/produkt\/silownik-pneumatyczny-50x50-60m2l050a0050-iso15552\/\"]}]},{\"@type\":\"BreadcrumbList\",\"@id\":\"https:\/\/emerpolska.pl\/index.php\/produkt\/silownik-pneumatyczny-50x50-60m2l050a0050-iso15552\/#breadcrumb\",\"itemListElement\":[{\"@type\":\"ListItem\",\"position\":1,\"name\":\"Strona g\u0142\u00f3wna\",\"item\":\"https:\/\/emerpolska.pl\/\"},{\"@type\":\"ListItem\",\"position\":2,\"name\":\"Jeste\u015bmy w przygotowaniu. Ju\u017c wkr\u00f3tce.\",\"item\":\"https:\/\/emerpolska.pl\/index.php\/shop\/\"},{\"@type\":\"ListItem\",\"position\":3,\"name\":\"SI\u0141OWNIK PNEUMATYCZNY 50&#215;50 60M2L050A0050 ISO15552\"}]},{\"@type\":\"WebSite\",\"@id\":\"https:\/\/emerpolska.pl\/#website\",\"url\":\"https:\/\/emerpolska.pl\/\",\"name\":\"EMER Polska\",\"description\":\"Centrum Pneumatyki i Automatyki\",\"publisher\":{\"@id\":\"https:\/\/emerpolska.pl\/#organization\"},\"potentialAction\":[{\"@type\":\"SearchAction\",\"target\":{\"@type\":\"EntryPoint\",\"urlTemplate\":\"https:\/\/emerpolska.pl\/?s={search_term_string}\"},\"query-input\":{\"@type\":\"PropertyValueSpecification\",\"valueRequired\":true,\"valueName\":\"search_term_string\"}}],\"inLanguage\":\"pl-PL\"},{\"@type\":\"Organization\",\"@id\":\"https:\/\/emerpolska.pl\/#organization\",\"name\":\"EMER Polska\",\"url\":\"https:\/\/emerpolska.pl\/\",\"logo\":{\"@type\":\"ImageObject\",\"inLanguage\":\"pl-PL\",\"@id\":\"https:\/\/emerpolska.pl\/#\/schema\/logo\/image\/\",\"url\":\"https:\/\/emerpolska.pl\/wp-content\/uploads\/2025\/07\/logo.jpg\",\"contentUrl\":\"https:\/\/emerpolska.pl\/wp-content\/uploads\/2025\/07\/logo.jpg\",\"width\":1021,\"height\":362,\"caption\":\"EMER Polska\"},\"image\":{\"@id\":\"https:\/\/emerpolska.pl\/#\/schema\/logo\/image\/\"}}]}<\/script>\n<!-- \/ Yoast SEO plugin. -->","yoast_head_json":{"title":"SI\u0141OWNIK PNEUMATYCZNY 50x50 60M2L050A0050 ISO15552 - EMER Polska","robots":{"index":"index","follow":"follow","max-snippet":"max-snippet:-1","max-image-preview":"max-image-preview:large","max-video-preview":"max-video-preview:-1"},"canonical":"https:\/\/emerpolska.pl\/index.php\/produkt\/silownik-pneumatyczny-50x50-60m2l050a0050-iso15552\/","og_locale":"pl_PL","og_type":"article","og_title":"SI\u0141OWNIK PNEUMATYCZNY 50x50 60M2L050A0050 ISO15552 - EMER Polska","og_description":"{&#8222;sections&#8221;:[{&#8222;items&#8221;:[{&#8222;type&#8221;:&#8221;TEXT&#8221;,&#8221;content&#8221;:&#8221; Si\u0142ownik pneumatyczny 50 x 50mm W ofercie posiadamy wszystkie typy si\u0142ownik\u00f3w pneumatycznych w\u0142oskiego producenta Camozzi. Standardowe si\u0142owniki ISO produkujemy w 24 godziny. Posiadamy ca\u0142y typoszereg \u015brednic t\u0142oka jak i rozmiar skok\u00f3w. Si\u0142owniki charakteryzuj\u0105 si\u0119 wysok\u0105 jako\u015bci\u0105 materia\u0142\u00f3w dzi\u0119ki czemu maj\u0105 d\u0142ug\u0105 \u017cywotno\u015b\u0107. Mo\u017cliwo\u015b\u0107 dokupienia samych uszczelnie\u0144. Model: 60M2L050A0050 Standard: ISO 6431\/15552 Producent: Camozzi \u015arednica [&hellip;]","og_url":"https:\/\/emerpolska.pl\/index.php\/produkt\/silownik-pneumatyczny-50x50-60m2l050a0050-iso15552\/","og_site_name":"EMER Polska","twitter_card":"summary_large_image","twitter_misc":{"Szacowany czas czytania":"1 minuta"},"schema":{"@context":"https:\/\/schema.org","@graph":[{"@type":"WebPage","@id":"https:\/\/emerpolska.pl\/index.php\/produkt\/silownik-pneumatyczny-50x50-60m2l050a0050-iso15552\/","url":"https:\/\/emerpolska.pl\/index.php\/produkt\/silownik-pneumatyczny-50x50-60m2l050a0050-iso15552\/","name":"SI\u0141OWNIK PNEUMATYCZNY 50x50 60M2L050A0050 ISO15552 - EMER Polska","isPartOf":{"@id":"https:\/\/emerpolska.pl\/#website"},"datePublished":"2025-07-24T21:20:29+00:00","breadcrumb":{"@id":"https:\/\/emerpolska.pl\/index.php\/produkt\/silownik-pneumatyczny-50x50-60m2l050a0050-iso15552\/#breadcrumb"},"inLanguage":"pl-PL","potentialAction":[{"@type":"ReadAction","target":["https:\/\/emerpolska.pl\/index.php\/produkt\/silownik-pneumatyczny-50x50-60m2l050a0050-iso15552\/"]}]},{"@type":"BreadcrumbList","@id":"https:\/\/emerpolska.pl\/index.php\/produkt\/silownik-pneumatyczny-50x50-60m2l050a0050-iso15552\/#breadcrumb","itemListElement":[{"@type":"ListItem","position":1,"name":"Strona g\u0142\u00f3wna","item":"https:\/\/emerpolska.pl\/"},{"@type":"ListItem","position":2,"name":"Jeste\u015bmy w przygotowaniu. Ju\u017c wkr\u00f3tce.","item":"https:\/\/emerpolska.pl\/index.php\/shop\/"},{"@type":"ListItem","position":3,"name":"SI\u0141OWNIK PNEUMATYCZNY 50&#215;50 60M2L050A0050 ISO15552"}]},{"@type":"WebSite","@id":"https:\/\/emerpolska.pl\/#website","url":"https:\/\/emerpolska.pl\/","name":"EMER Polska","description":"Centrum Pneumatyki i Automatyki","publisher":{"@id":"https:\/\/emerpolska.pl\/#organization"},"potentialAction":[{"@type":"SearchAction","target":{"@type":"EntryPoint","urlTemplate":"https:\/\/emerpolska.pl\/?s={search_term_string}"},"query-input":{"@type":"PropertyValueSpecification","valueRequired":true,"valueName":"search_term_string"}}],"inLanguage":"pl-PL"},{"@type":"Organization","@id":"https:\/\/emerpolska.pl\/#organization","name":"EMER Polska","url":"https:\/\/emerpolska.pl\/","logo":{"@type":"ImageObject","inLanguage":"pl-PL","@id":"https:\/\/emerpolska.pl\/#\/schema\/logo\/image\/","url":"https:\/\/emerpolska.pl\/wp-content\/uploads\/2025\/07\/logo.jpg","contentUrl":"https:\/\/emerpolska.pl\/wp-content\/uploads\/2025\/07\/logo.jpg","width":1021,"height":362,"caption":"EMER Polska"},"image":{"@id":"https:\/\/emerpolska.pl\/#\/schema\/logo\/image\/"}}]}},"_links":{"self":[{"href":"https:\/\/emerpolska.pl\/index.php\/wp-json\/wp\/v2\/product\/928","targetHints":{"allow":["GET"]}}],"collection":[{"href":"https:\/\/emerpolska.pl\/index.php\/wp-json\/wp\/v2\/product"}],"about":[{"href":"https:\/\/emerpolska.pl\/index.php\/wp-json\/wp\/v2\/types\/product"}],"replies":[{"embeddable":true,"href":"https:\/\/emerpolska.pl\/index.php\/wp-json\/wp\/v2\/comments?post=928"}],"wp:attachment":[{"href":"https:\/\/emerpolska.pl\/index.php\/wp-json\/wp\/v2\/media?parent=928"}],"wp:term":[{"taxonomy":"product_brand","embeddable":true,"href":"https:\/\/emerpolska.pl\/index.php\/wp-json\/wp\/v2\/product_brand?post=928"},{"taxonomy":"product_cat","embeddable":true,"href":"https:\/\/emerpolska.pl\/index.php\/wp-json\/wp\/v2\/product_cat?post=928"},{"taxonomy":"product_tag","embeddable":true,"href":"https:\/\/emerpolska.pl\/index.php\/wp-json\/wp\/v2\/product_tag?post=928"}],"curies":[{"name":"wp","href":"https:\/\/api.w.org\/{rel}","templated":true}]}}