{"id":942,"date":"2025-07-24T23:20:36","date_gmt":"2025-07-24T21:20:36","guid":{"rendered":"https:\/\/emerpolska.pl\/index.php\/produkt\/blok-przygotowania-powietrza-zestaw-frl-3-8\/"},"modified":"2025-07-28T12:11:30","modified_gmt":"2025-07-28T10:11:30","slug":"blok-przygotowania-powietrza-zestaw-frl-3-8","status":"publish","type":"product","link":"https:\/\/emerpolska.pl\/index.php\/produkt\/blok-przygotowania-powietrza-zestaw-frl-3-8\/","title":{"rendered":"Blok przygotowania powietrza zestaw FRL 3\/8&#8243;"},"content":{"rendered":"<p>&nbsp;<\/p>\n<h1>Zestaw FRL 3\/8&#8243;<\/h1>\n<p>Elementy przygotowania powietrza s\u0105 bardzo istotne w instalacjach pneumatycznych. Typowy blok przygotowania sk\u0142ada si\u0119 z filtroreduktora, smarownicy oraz manometru. Filtroreduktor umo\u017cliwia nam ustawienie odpowiedniego ci\u015bnienia oraz filtruje powietrze. Smarownic\u0119 natomiast stosujemy do smarowania element\u00f3w dzi\u0119ki czemu wyd\u0142u\u017camy ich \u017cywotno\u015b\u0107. W ofercie posiadamy komponenty wszystkich producent\u00f3w.<\/p>\n<p>Producent: Tekma TC-5010-03<\/p>\n<p>Rozmiar przy\u0142\u0105czy: 3\/8&#8243;<\/p>\n<p>Ci\u015bnienie wej\u015bciowe: max 10 bar<\/p>\n<p>Zakres regulacji ci\u015bnienia: 0,5-8,5 bar<\/p>\n<p>Dok\u0142adno\u015b\u0107 filtracji: 5 mikron\u00f3w<\/p>\n<p>Spust kondensatu: r\u0119czny<\/p>\n<p>Przep\u0142yw: 1700 Nl\/min<\/p>\n<p>Manometr w zestawie: tak<\/p>\n<p>Przy\u0142\u0105cze manometru: G1\/4&#8243;<\/p>\n<p>Materia\u0142 zbiornika: poliw\u0119glan<\/p>\n<p>Zakres temperatur: 0-60 stopni C<\/p>\n<p>Akcesoria typu zbiornik, filtr, membrana, spust kondensatu: dost\u0119pne<\/p>\n<p>&nbsp;<\/p>\n","protected":false},"excerpt":{"rendered":"<p>&nbsp; Zestaw FRL 3\/8&#8243; Elementy przygotowania powietrza s\u0105 bardzo istotne w instalacjach pneumatycznych. Typowy blok przygotowania sk\u0142ada si\u0119 z filtroreduktora, smarownicy oraz manometru. Filtroreduktor umo\u017cliwia nam ustawienie odpowiedniego ci\u015bnienia oraz filtruje powietrze. Smarownic\u0119 natomiast stosujemy do smarowania element\u00f3w dzi\u0119ki czemu wyd\u0142u\u017camy ich \u017cywotno\u015b\u0107. W ofercie posiadamy komponenty wszystkich producent\u00f3w. Producent: Tekma TC-5010-03 Rozmiar przy\u0142\u0105czy: 3\/8&#8243; [&hellip;]<\/p>\n","protected":false},"featured_media":1476,"comment_status":"closed","ping_status":"closed","template":"","meta":[],"product_brand":[62],"product_cat":[48],"product_tag":[],"class_list":{"0":"post-942","1":"product","2":"type-product","3":"status-publish","4":"has-post-thumbnail","6":"product_brand-tekma","7":"product_cat-pneumatyka-121447","9":"first","10":"instock","11":"taxable","12":"shipping-taxable","13":"purchasable","14":"product-type-simple"},"yoast_head":"<!-- This site is optimized with the Yoast SEO plugin v27.0 - https:\/\/yoast.com\/product\/yoast-seo-wordpress\/ -->\n<title>Blok przygotowania powietrza zestaw FRL 3\/8&quot; - EMER Polska<\/title>\n<meta name=\"robots\" content=\"index, follow, max-snippet:-1, max-image-preview:large, max-video-preview:-1\" \/>\n<link rel=\"canonical\" href=\"https:\/\/emerpolska.pl\/index.php\/produkt\/blok-przygotowania-powietrza-zestaw-frl-3-8\/\" \/>\n<meta property=\"og:locale\" content=\"pl_PL\" \/>\n<meta property=\"og:type\" content=\"article\" \/>\n<meta property=\"og:title\" content=\"Blok przygotowania powietrza zestaw FRL 3\/8&quot; - EMER Polska\" \/>\n<meta property=\"og:description\" content=\"&nbsp; Zestaw FRL 3\/8&#8243; Elementy przygotowania powietrza s\u0105 bardzo istotne w instalacjach pneumatycznych. Typowy blok przygotowania sk\u0142ada si\u0119 z filtroreduktora, smarownicy oraz manometru. Filtroreduktor umo\u017cliwia nam ustawienie odpowiedniego ci\u015bnienia oraz filtruje powietrze. Smarownic\u0119 natomiast stosujemy do smarowania element\u00f3w dzi\u0119ki czemu wyd\u0142u\u017camy ich \u017cywotno\u015b\u0107. W ofercie posiadamy komponenty wszystkich producent\u00f3w. Producent: Tekma TC-5010-03 Rozmiar przy\u0142\u0105czy: 3\/8&#8243; [&hellip;]\" \/>\n<meta property=\"og:url\" content=\"https:\/\/emerpolska.pl\/index.php\/produkt\/blok-przygotowania-powietrza-zestaw-frl-3-8\/\" \/>\n<meta property=\"og:site_name\" content=\"EMER Polska\" \/>\n<meta property=\"article:modified_time\" content=\"2025-07-28T10:11:30+00:00\" \/>\n<meta property=\"og:image\" content=\"https:\/\/emerpolska.pl\/wp-content\/uploads\/2025\/07\/FRL.png\" \/>\n\t<meta property=\"og:image:width\" content=\"504\" \/>\n\t<meta property=\"og:image:height\" content=\"786\" \/>\n\t<meta property=\"og:image:type\" content=\"image\/png\" \/>\n<meta name=\"twitter:card\" content=\"summary_large_image\" \/>\n<meta name=\"twitter:label1\" content=\"Szacowany czas czytania\" \/>\n\t<meta name=\"twitter:data1\" content=\"1 minuta\" \/>\n<script type=\"application\/ld+json\" class=\"yoast-schema-graph\">{\"@context\":\"https:\/\/schema.org\",\"@graph\":[{\"@type\":\"WebPage\",\"@id\":\"https:\/\/emerpolska.pl\/index.php\/produkt\/blok-przygotowania-powietrza-zestaw-frl-3-8\/\",\"url\":\"https:\/\/emerpolska.pl\/index.php\/produkt\/blok-przygotowania-powietrza-zestaw-frl-3-8\/\",\"name\":\"Blok przygotowania powietrza zestaw FRL 3\/8\\\" - EMER Polska\",\"isPartOf\":{\"@id\":\"https:\/\/emerpolska.pl\/#website\"},\"primaryImageOfPage\":{\"@id\":\"https:\/\/emerpolska.pl\/index.php\/produkt\/blok-przygotowania-powietrza-zestaw-frl-3-8\/#primaryimage\"},\"image\":{\"@id\":\"https:\/\/emerpolska.pl\/index.php\/produkt\/blok-przygotowania-powietrza-zestaw-frl-3-8\/#primaryimage\"},\"thumbnailUrl\":\"https:\/\/emerpolska.pl\/wp-content\/uploads\/2025\/07\/FRL.png\",\"datePublished\":\"2025-07-24T21:20:36+00:00\",\"dateModified\":\"2025-07-28T10:11:30+00:00\",\"breadcrumb\":{\"@id\":\"https:\/\/emerpolska.pl\/index.php\/produkt\/blok-przygotowania-powietrza-zestaw-frl-3-8\/#breadcrumb\"},\"inLanguage\":\"pl-PL\",\"potentialAction\":[{\"@type\":\"ReadAction\",\"target\":[\"https:\/\/emerpolska.pl\/index.php\/produkt\/blok-przygotowania-powietrza-zestaw-frl-3-8\/\"]}]},{\"@type\":\"ImageObject\",\"inLanguage\":\"pl-PL\",\"@id\":\"https:\/\/emerpolska.pl\/index.php\/produkt\/blok-przygotowania-powietrza-zestaw-frl-3-8\/#primaryimage\",\"url\":\"https:\/\/emerpolska.pl\/wp-content\/uploads\/2025\/07\/FRL.png\",\"contentUrl\":\"https:\/\/emerpolska.pl\/wp-content\/uploads\/2025\/07\/FRL.png\",\"width\":504,\"height\":786},{\"@type\":\"BreadcrumbList\",\"@id\":\"https:\/\/emerpolska.pl\/index.php\/produkt\/blok-przygotowania-powietrza-zestaw-frl-3-8\/#breadcrumb\",\"itemListElement\":[{\"@type\":\"ListItem\",\"position\":1,\"name\":\"Strona g\u0142\u00f3wna\",\"item\":\"https:\/\/emerpolska.pl\/\"},{\"@type\":\"ListItem\",\"position\":2,\"name\":\"Jeste\u015bmy w przygotowaniu. Ju\u017c wkr\u00f3tce.\",\"item\":\"https:\/\/emerpolska.pl\/index.php\/shop\/\"},{\"@type\":\"ListItem\",\"position\":3,\"name\":\"Blok przygotowania powietrza zestaw FRL 3\/8&#8243;\"}]},{\"@type\":\"WebSite\",\"@id\":\"https:\/\/emerpolska.pl\/#website\",\"url\":\"https:\/\/emerpolska.pl\/\",\"name\":\"EMER Polska\",\"description\":\"Centrum Pneumatyki i Automatyki\",\"publisher\":{\"@id\":\"https:\/\/emerpolska.pl\/#organization\"},\"potentialAction\":[{\"@type\":\"SearchAction\",\"target\":{\"@type\":\"EntryPoint\",\"urlTemplate\":\"https:\/\/emerpolska.pl\/?s={search_term_string}\"},\"query-input\":{\"@type\":\"PropertyValueSpecification\",\"valueRequired\":true,\"valueName\":\"search_term_string\"}}],\"inLanguage\":\"pl-PL\"},{\"@type\":\"Organization\",\"@id\":\"https:\/\/emerpolska.pl\/#organization\",\"name\":\"EMER Polska\",\"url\":\"https:\/\/emerpolska.pl\/\",\"logo\":{\"@type\":\"ImageObject\",\"inLanguage\":\"pl-PL\",\"@id\":\"https:\/\/emerpolska.pl\/#\/schema\/logo\/image\/\",\"url\":\"https:\/\/emerpolska.pl\/wp-content\/uploads\/2025\/07\/logo.jpg\",\"contentUrl\":\"https:\/\/emerpolska.pl\/wp-content\/uploads\/2025\/07\/logo.jpg\",\"width\":1021,\"height\":362,\"caption\":\"EMER Polska\"},\"image\":{\"@id\":\"https:\/\/emerpolska.pl\/#\/schema\/logo\/image\/\"}}]}<\/script>\n<!-- \/ Yoast SEO plugin. -->","yoast_head_json":{"title":"Blok przygotowania powietrza zestaw FRL 3\/8\" - EMER Polska","robots":{"index":"index","follow":"follow","max-snippet":"max-snippet:-1","max-image-preview":"max-image-preview:large","max-video-preview":"max-video-preview:-1"},"canonical":"https:\/\/emerpolska.pl\/index.php\/produkt\/blok-przygotowania-powietrza-zestaw-frl-3-8\/","og_locale":"pl_PL","og_type":"article","og_title":"Blok przygotowania powietrza zestaw FRL 3\/8\" - EMER Polska","og_description":"&nbsp; Zestaw FRL 3\/8&#8243; Elementy przygotowania powietrza s\u0105 bardzo istotne w instalacjach pneumatycznych. Typowy blok przygotowania sk\u0142ada si\u0119 z filtroreduktora, smarownicy oraz manometru. Filtroreduktor umo\u017cliwia nam ustawienie odpowiedniego ci\u015bnienia oraz filtruje powietrze. Smarownic\u0119 natomiast stosujemy do smarowania element\u00f3w dzi\u0119ki czemu wyd\u0142u\u017camy ich \u017cywotno\u015b\u0107. W ofercie posiadamy komponenty wszystkich producent\u00f3w. Producent: Tekma TC-5010-03 Rozmiar przy\u0142\u0105czy: 3\/8&#8243; [&hellip;]","og_url":"https:\/\/emerpolska.pl\/index.php\/produkt\/blok-przygotowania-powietrza-zestaw-frl-3-8\/","og_site_name":"EMER Polska","article_modified_time":"2025-07-28T10:11:30+00:00","og_image":[{"width":504,"height":786,"url":"https:\/\/emerpolska.pl\/wp-content\/uploads\/2025\/07\/FRL.png","type":"image\/png"}],"twitter_card":"summary_large_image","twitter_misc":{"Szacowany czas czytania":"1 minuta"},"schema":{"@context":"https:\/\/schema.org","@graph":[{"@type":"WebPage","@id":"https:\/\/emerpolska.pl\/index.php\/produkt\/blok-przygotowania-powietrza-zestaw-frl-3-8\/","url":"https:\/\/emerpolska.pl\/index.php\/produkt\/blok-przygotowania-powietrza-zestaw-frl-3-8\/","name":"Blok przygotowania powietrza zestaw FRL 3\/8\" - EMER Polska","isPartOf":{"@id":"https:\/\/emerpolska.pl\/#website"},"primaryImageOfPage":{"@id":"https:\/\/emerpolska.pl\/index.php\/produkt\/blok-przygotowania-powietrza-zestaw-frl-3-8\/#primaryimage"},"image":{"@id":"https:\/\/emerpolska.pl\/index.php\/produkt\/blok-przygotowania-powietrza-zestaw-frl-3-8\/#primaryimage"},"thumbnailUrl":"https:\/\/emerpolska.pl\/wp-content\/uploads\/2025\/07\/FRL.png","datePublished":"2025-07-24T21:20:36+00:00","dateModified":"2025-07-28T10:11:30+00:00","breadcrumb":{"@id":"https:\/\/emerpolska.pl\/index.php\/produkt\/blok-przygotowania-powietrza-zestaw-frl-3-8\/#breadcrumb"},"inLanguage":"pl-PL","potentialAction":[{"@type":"ReadAction","target":["https:\/\/emerpolska.pl\/index.php\/produkt\/blok-przygotowania-powietrza-zestaw-frl-3-8\/"]}]},{"@type":"ImageObject","inLanguage":"pl-PL","@id":"https:\/\/emerpolska.pl\/index.php\/produkt\/blok-przygotowania-powietrza-zestaw-frl-3-8\/#primaryimage","url":"https:\/\/emerpolska.pl\/wp-content\/uploads\/2025\/07\/FRL.png","contentUrl":"https:\/\/emerpolska.pl\/wp-content\/uploads\/2025\/07\/FRL.png","width":504,"height":786},{"@type":"BreadcrumbList","@id":"https:\/\/emerpolska.pl\/index.php\/produkt\/blok-przygotowania-powietrza-zestaw-frl-3-8\/#breadcrumb","itemListElement":[{"@type":"ListItem","position":1,"name":"Strona g\u0142\u00f3wna","item":"https:\/\/emerpolska.pl\/"},{"@type":"ListItem","position":2,"name":"Jeste\u015bmy w przygotowaniu. Ju\u017c wkr\u00f3tce.","item":"https:\/\/emerpolska.pl\/index.php\/shop\/"},{"@type":"ListItem","position":3,"name":"Blok przygotowania powietrza zestaw FRL 3\/8&#8243;"}]},{"@type":"WebSite","@id":"https:\/\/emerpolska.pl\/#website","url":"https:\/\/emerpolska.pl\/","name":"EMER Polska","description":"Centrum Pneumatyki i Automatyki","publisher":{"@id":"https:\/\/emerpolska.pl\/#organization"},"potentialAction":[{"@type":"SearchAction","target":{"@type":"EntryPoint","urlTemplate":"https:\/\/emerpolska.pl\/?s={search_term_string}"},"query-input":{"@type":"PropertyValueSpecification","valueRequired":true,"valueName":"search_term_string"}}],"inLanguage":"pl-PL"},{"@type":"Organization","@id":"https:\/\/emerpolska.pl\/#organization","name":"EMER Polska","url":"https:\/\/emerpolska.pl\/","logo":{"@type":"ImageObject","inLanguage":"pl-PL","@id":"https:\/\/emerpolska.pl\/#\/schema\/logo\/image\/","url":"https:\/\/emerpolska.pl\/wp-content\/uploads\/2025\/07\/logo.jpg","contentUrl":"https:\/\/emerpolska.pl\/wp-content\/uploads\/2025\/07\/logo.jpg","width":1021,"height":362,"caption":"EMER Polska"},"image":{"@id":"https:\/\/emerpolska.pl\/#\/schema\/logo\/image\/"}}]}},"_links":{"self":[{"href":"https:\/\/emerpolska.pl\/index.php\/wp-json\/wp\/v2\/product\/942","targetHints":{"allow":["GET"]}}],"collection":[{"href":"https:\/\/emerpolska.pl\/index.php\/wp-json\/wp\/v2\/product"}],"about":[{"href":"https:\/\/emerpolska.pl\/index.php\/wp-json\/wp\/v2\/types\/product"}],"replies":[{"embeddable":true,"href":"https:\/\/emerpolska.pl\/index.php\/wp-json\/wp\/v2\/comments?post=942"}],"wp:featuredmedia":[{"embeddable":true,"href":"https:\/\/emerpolska.pl\/index.php\/wp-json\/wp\/v2\/media\/1476"}],"wp:attachment":[{"href":"https:\/\/emerpolska.pl\/index.php\/wp-json\/wp\/v2\/media?parent=942"}],"wp:term":[{"taxonomy":"product_brand","embeddable":true,"href":"https:\/\/emerpolska.pl\/index.php\/wp-json\/wp\/v2\/product_brand?post=942"},{"taxonomy":"product_cat","embeddable":true,"href":"https:\/\/emerpolska.pl\/index.php\/wp-json\/wp\/v2\/product_cat?post=942"},{"taxonomy":"product_tag","embeddable":true,"href":"https:\/\/emerpolska.pl\/index.php\/wp-json\/wp\/v2\/product_tag?post=942"}],"curies":[{"name":"wp","href":"https:\/\/api.w.org\/{rel}","templated":true}]}}