{"id":949,"date":"2025-07-24T23:20:39","date_gmt":"2025-07-24T21:20:39","guid":{"rendered":"https:\/\/emerpolska.pl\/index.php\/produkt\/mocowanie-przednie-do-silownika-widelki-m36\/"},"modified":"2025-07-24T23:20:39","modified_gmt":"2025-07-24T21:20:39","slug":"mocowanie-przednie-do-silownika-widelki-m36","status":"publish","type":"product","link":"https:\/\/emerpolska.pl\/index.php\/produkt\/mocowanie-przednie-do-silownika-widelki-m36\/","title":{"rendered":"Mocowanie przednie do si\u0142ownika wide\u0142ki M36"},"content":{"rendered":"<p>{&#8222;sections&#8221;:[{&#8222;items&#8221;:[{&#8222;type&#8221;:&#8221;TEXT&#8221;,&#8221;content&#8221;:&#8221;<\/p>\n<h1>Mocowanie si\u0142ownika<\/h1>\n<p>W ofercie posiadamy wszystkie typy si\u0142ownik\u00f3w pneumatycznych. Do ka\u017cdego si\u0142ownika posiadamy systemy mocowa\u0144.Standardowe si\u0142owniki ISO produkujemy w 24 godziny. Posiadamy ca\u0142y typoszereg \u015brednic t\u0142oka jak i rozmiar skok\u00f3w.<\/p>\n<p>Numer katalogowy: G-160-200<\/p>\n<p>\u015arednica t\u0142oka: 160\/200 mm<\/p>\n<p>Przy\u0142\u0105cze: M36x2<\/p>\n<p>Materia\u0142: stal cynkowana<\/p>\n<p>System: ISO8140<\/p>\n<p>Zastosowanie: mocowanie si\u0142ownika pneumatycznego<\/p>\n<p>&#8222;},{&#8222;type&#8221;:&#8221;IMAGE&#8221;,&#8221;url&#8221;:&#8221;https:\/\/a.allegroimg.com\/original\/11121d\/7228d7f4412b9158ba42e285ce3d&#8221;}]}]}<\/p>\n","protected":false},"excerpt":{"rendered":"<p>{&#8222;sections&#8221;:[{&#8222;items&#8221;:[{&#8222;type&#8221;:&#8221;TEXT&#8221;,&#8221;content&#8221;:&#8221; Mocowanie si\u0142ownika W ofercie posiadamy wszystkie typy si\u0142ownik\u00f3w pneumatycznych. Do ka\u017cdego si\u0142ownika posiadamy systemy mocowa\u0144.Standardowe si\u0142owniki ISO produkujemy w 24 godziny. Posiadamy ca\u0142y typoszereg \u015brednic t\u0142oka jak i rozmiar skok\u00f3w. Numer katalogowy: G-160-200 \u015arednica t\u0142oka: 160\/200 mm Przy\u0142\u0105cze: M36x2 Materia\u0142: stal cynkowana System: ISO8140 Zastosowanie: mocowanie si\u0142ownika pneumatycznego &#8222;},{&#8222;type&#8221;:&#8221;IMAGE&#8221;,&#8221;url&#8221;:&#8221;https:\/\/a.allegroimg.com\/original\/11121d\/7228d7f4412b9158ba42e285ce3d&#8221;}]}]}<\/p>\n","protected":false},"featured_media":0,"comment_status":"open","ping_status":"closed","template":"","meta":[],"product_brand":[60],"product_cat":[48],"product_tag":[],"class_list":{"0":"post-949","1":"product","2":"type-product","3":"status-publish","5":"product_brand-inny","6":"product_cat-pneumatyka-121447","8":"first","9":"instock","10":"taxable","11":"shipping-taxable","12":"purchasable","13":"product-type-simple"},"yoast_head":"<!-- This site is optimized with the Yoast SEO plugin v27.0 - https:\/\/yoast.com\/product\/yoast-seo-wordpress\/ -->\n<title>Mocowanie przednie do si\u0142ownika wide\u0142ki M36 - EMER Polska<\/title>\n<meta name=\"robots\" content=\"index, follow, max-snippet:-1, max-image-preview:large, max-video-preview:-1\" \/>\n<link rel=\"canonical\" href=\"https:\/\/emerpolska.pl\/index.php\/produkt\/mocowanie-przednie-do-silownika-widelki-m36\/\" \/>\n<meta property=\"og:locale\" content=\"pl_PL\" \/>\n<meta property=\"og:type\" content=\"article\" \/>\n<meta property=\"og:title\" content=\"Mocowanie przednie do si\u0142ownika wide\u0142ki M36 - EMER Polska\" \/>\n<meta property=\"og:description\" content=\"{&#8222;sections&#8221;:[{&#8222;items&#8221;:[{&#8222;type&#8221;:&#8221;TEXT&#8221;,&#8221;content&#8221;:&#8221; Mocowanie si\u0142ownika W ofercie posiadamy wszystkie typy si\u0142ownik\u00f3w pneumatycznych. Do ka\u017cdego si\u0142ownika posiadamy systemy mocowa\u0144.Standardowe si\u0142owniki ISO produkujemy w 24 godziny. Posiadamy ca\u0142y typoszereg \u015brednic t\u0142oka jak i rozmiar skok\u00f3w. Numer katalogowy: G-160-200 \u015arednica t\u0142oka: 160\/200 mm Przy\u0142\u0105cze: M36x2 Materia\u0142: stal cynkowana System: ISO8140 Zastosowanie: mocowanie si\u0142ownika pneumatycznego &#8222;},{&#8222;type&#8221;:&#8221;IMAGE&#8221;,&#8221;url&#8221;:&#8221;https:\/\/a.allegroimg.com\/original\/11121d\/7228d7f4412b9158ba42e285ce3d&#8221;}]}]}\" \/>\n<meta property=\"og:url\" content=\"https:\/\/emerpolska.pl\/index.php\/produkt\/mocowanie-przednie-do-silownika-widelki-m36\/\" \/>\n<meta property=\"og:site_name\" content=\"EMER Polska\" \/>\n<meta name=\"twitter:card\" content=\"summary_large_image\" \/>\n<script type=\"application\/ld+json\" class=\"yoast-schema-graph\">{\"@context\":\"https:\/\/schema.org\",\"@graph\":[{\"@type\":\"WebPage\",\"@id\":\"https:\/\/emerpolska.pl\/index.php\/produkt\/mocowanie-przednie-do-silownika-widelki-m36\/\",\"url\":\"https:\/\/emerpolska.pl\/index.php\/produkt\/mocowanie-przednie-do-silownika-widelki-m36\/\",\"name\":\"Mocowanie przednie do si\u0142ownika wide\u0142ki M36 - EMER Polska\",\"isPartOf\":{\"@id\":\"https:\/\/emerpolska.pl\/#website\"},\"datePublished\":\"2025-07-24T21:20:39+00:00\",\"breadcrumb\":{\"@id\":\"https:\/\/emerpolska.pl\/index.php\/produkt\/mocowanie-przednie-do-silownika-widelki-m36\/#breadcrumb\"},\"inLanguage\":\"pl-PL\",\"potentialAction\":[{\"@type\":\"ReadAction\",\"target\":[\"https:\/\/emerpolska.pl\/index.php\/produkt\/mocowanie-przednie-do-silownika-widelki-m36\/\"]}]},{\"@type\":\"BreadcrumbList\",\"@id\":\"https:\/\/emerpolska.pl\/index.php\/produkt\/mocowanie-przednie-do-silownika-widelki-m36\/#breadcrumb\",\"itemListElement\":[{\"@type\":\"ListItem\",\"position\":1,\"name\":\"Strona g\u0142\u00f3wna\",\"item\":\"https:\/\/emerpolska.pl\/\"},{\"@type\":\"ListItem\",\"position\":2,\"name\":\"Jeste\u015bmy w przygotowaniu. Ju\u017c wkr\u00f3tce.\",\"item\":\"https:\/\/emerpolska.pl\/index.php\/shop\/\"},{\"@type\":\"ListItem\",\"position\":3,\"name\":\"Mocowanie przednie do si\u0142ownika wide\u0142ki M36\"}]},{\"@type\":\"WebSite\",\"@id\":\"https:\/\/emerpolska.pl\/#website\",\"url\":\"https:\/\/emerpolska.pl\/\",\"name\":\"EMER Polska\",\"description\":\"Centrum Pneumatyki i Automatyki\",\"publisher\":{\"@id\":\"https:\/\/emerpolska.pl\/#organization\"},\"potentialAction\":[{\"@type\":\"SearchAction\",\"target\":{\"@type\":\"EntryPoint\",\"urlTemplate\":\"https:\/\/emerpolska.pl\/?s={search_term_string}\"},\"query-input\":{\"@type\":\"PropertyValueSpecification\",\"valueRequired\":true,\"valueName\":\"search_term_string\"}}],\"inLanguage\":\"pl-PL\"},{\"@type\":\"Organization\",\"@id\":\"https:\/\/emerpolska.pl\/#organization\",\"name\":\"EMER Polska\",\"url\":\"https:\/\/emerpolska.pl\/\",\"logo\":{\"@type\":\"ImageObject\",\"inLanguage\":\"pl-PL\",\"@id\":\"https:\/\/emerpolska.pl\/#\/schema\/logo\/image\/\",\"url\":\"https:\/\/emerpolska.pl\/wp-content\/uploads\/2025\/07\/logo.jpg\",\"contentUrl\":\"https:\/\/emerpolska.pl\/wp-content\/uploads\/2025\/07\/logo.jpg\",\"width\":1021,\"height\":362,\"caption\":\"EMER Polska\"},\"image\":{\"@id\":\"https:\/\/emerpolska.pl\/#\/schema\/logo\/image\/\"}}]}<\/script>\n<!-- \/ Yoast SEO plugin. -->","yoast_head_json":{"title":"Mocowanie przednie do si\u0142ownika wide\u0142ki M36 - EMER Polska","robots":{"index":"index","follow":"follow","max-snippet":"max-snippet:-1","max-image-preview":"max-image-preview:large","max-video-preview":"max-video-preview:-1"},"canonical":"https:\/\/emerpolska.pl\/index.php\/produkt\/mocowanie-przednie-do-silownika-widelki-m36\/","og_locale":"pl_PL","og_type":"article","og_title":"Mocowanie przednie do si\u0142ownika wide\u0142ki M36 - EMER Polska","og_description":"{&#8222;sections&#8221;:[{&#8222;items&#8221;:[{&#8222;type&#8221;:&#8221;TEXT&#8221;,&#8221;content&#8221;:&#8221; Mocowanie si\u0142ownika W ofercie posiadamy wszystkie typy si\u0142ownik\u00f3w pneumatycznych. Do ka\u017cdego si\u0142ownika posiadamy systemy mocowa\u0144.Standardowe si\u0142owniki ISO produkujemy w 24 godziny. Posiadamy ca\u0142y typoszereg \u015brednic t\u0142oka jak i rozmiar skok\u00f3w. Numer katalogowy: G-160-200 \u015arednica t\u0142oka: 160\/200 mm Przy\u0142\u0105cze: M36x2 Materia\u0142: stal cynkowana System: ISO8140 Zastosowanie: mocowanie si\u0142ownika pneumatycznego &#8222;},{&#8222;type&#8221;:&#8221;IMAGE&#8221;,&#8221;url&#8221;:&#8221;https:\/\/a.allegroimg.com\/original\/11121d\/7228d7f4412b9158ba42e285ce3d&#8221;}]}]}","og_url":"https:\/\/emerpolska.pl\/index.php\/produkt\/mocowanie-przednie-do-silownika-widelki-m36\/","og_site_name":"EMER Polska","twitter_card":"summary_large_image","schema":{"@context":"https:\/\/schema.org","@graph":[{"@type":"WebPage","@id":"https:\/\/emerpolska.pl\/index.php\/produkt\/mocowanie-przednie-do-silownika-widelki-m36\/","url":"https:\/\/emerpolska.pl\/index.php\/produkt\/mocowanie-przednie-do-silownika-widelki-m36\/","name":"Mocowanie przednie do si\u0142ownika wide\u0142ki M36 - EMER Polska","isPartOf":{"@id":"https:\/\/emerpolska.pl\/#website"},"datePublished":"2025-07-24T21:20:39+00:00","breadcrumb":{"@id":"https:\/\/emerpolska.pl\/index.php\/produkt\/mocowanie-przednie-do-silownika-widelki-m36\/#breadcrumb"},"inLanguage":"pl-PL","potentialAction":[{"@type":"ReadAction","target":["https:\/\/emerpolska.pl\/index.php\/produkt\/mocowanie-przednie-do-silownika-widelki-m36\/"]}]},{"@type":"BreadcrumbList","@id":"https:\/\/emerpolska.pl\/index.php\/produkt\/mocowanie-przednie-do-silownika-widelki-m36\/#breadcrumb","itemListElement":[{"@type":"ListItem","position":1,"name":"Strona g\u0142\u00f3wna","item":"https:\/\/emerpolska.pl\/"},{"@type":"ListItem","position":2,"name":"Jeste\u015bmy w przygotowaniu. Ju\u017c wkr\u00f3tce.","item":"https:\/\/emerpolska.pl\/index.php\/shop\/"},{"@type":"ListItem","position":3,"name":"Mocowanie przednie do si\u0142ownika wide\u0142ki M36"}]},{"@type":"WebSite","@id":"https:\/\/emerpolska.pl\/#website","url":"https:\/\/emerpolska.pl\/","name":"EMER Polska","description":"Centrum Pneumatyki i Automatyki","publisher":{"@id":"https:\/\/emerpolska.pl\/#organization"},"potentialAction":[{"@type":"SearchAction","target":{"@type":"EntryPoint","urlTemplate":"https:\/\/emerpolska.pl\/?s={search_term_string}"},"query-input":{"@type":"PropertyValueSpecification","valueRequired":true,"valueName":"search_term_string"}}],"inLanguage":"pl-PL"},{"@type":"Organization","@id":"https:\/\/emerpolska.pl\/#organization","name":"EMER Polska","url":"https:\/\/emerpolska.pl\/","logo":{"@type":"ImageObject","inLanguage":"pl-PL","@id":"https:\/\/emerpolska.pl\/#\/schema\/logo\/image\/","url":"https:\/\/emerpolska.pl\/wp-content\/uploads\/2025\/07\/logo.jpg","contentUrl":"https:\/\/emerpolska.pl\/wp-content\/uploads\/2025\/07\/logo.jpg","width":1021,"height":362,"caption":"EMER Polska"},"image":{"@id":"https:\/\/emerpolska.pl\/#\/schema\/logo\/image\/"}}]}},"_links":{"self":[{"href":"https:\/\/emerpolska.pl\/index.php\/wp-json\/wp\/v2\/product\/949","targetHints":{"allow":["GET"]}}],"collection":[{"href":"https:\/\/emerpolska.pl\/index.php\/wp-json\/wp\/v2\/product"}],"about":[{"href":"https:\/\/emerpolska.pl\/index.php\/wp-json\/wp\/v2\/types\/product"}],"replies":[{"embeddable":true,"href":"https:\/\/emerpolska.pl\/index.php\/wp-json\/wp\/v2\/comments?post=949"}],"wp:attachment":[{"href":"https:\/\/emerpolska.pl\/index.php\/wp-json\/wp\/v2\/media?parent=949"}],"wp:term":[{"taxonomy":"product_brand","embeddable":true,"href":"https:\/\/emerpolska.pl\/index.php\/wp-json\/wp\/v2\/product_brand?post=949"},{"taxonomy":"product_cat","embeddable":true,"href":"https:\/\/emerpolska.pl\/index.php\/wp-json\/wp\/v2\/product_cat?post=949"},{"taxonomy":"product_tag","embeddable":true,"href":"https:\/\/emerpolska.pl\/index.php\/wp-json\/wp\/v2\/product_tag?post=949"}],"curies":[{"name":"wp","href":"https:\/\/api.w.org\/{rel}","templated":true}]}}