{"id":954,"date":"2025-07-24T23:20:40","date_gmt":"2025-07-24T21:20:40","guid":{"rendered":"https:\/\/emerpolska.pl\/index.php\/produkt\/elektrozawor-do-wody-powietrza-2-2-3-4-no-230-vac\/"},"modified":"2025-08-05T13:35:58","modified_gmt":"2025-08-05T11:35:58","slug":"elektrozawor-do-wody-powietrza-2-2-3-4-no-230-vac","status":"publish","type":"product","link":"https:\/\/emerpolska.pl\/index.php\/produkt\/elektrozawor-do-wody-powietrza-2-2-3-4-no-230-vac\/","title":{"rendered":"Elektrozaw\u00f3r do wody powietrza 2\/2 3\/4 NO 230 VAC"},"content":{"rendered":"<p>&nbsp;<\/p>\n<h1>ELEKTROZAW\u00d3R 2\/2 NO 3\/4&#8243;<\/h1>\n<p>Elektrozawory membranowe s\u0105 najcz\u0119\u015bciej stosowane w wielu aplikacjach technicznych. Typowe zawory 2\/2 stosujemy do wody, powietrza, lekkiego oleju i innych oboj\u0119tnych cieczy. W ofercie szeroki zakres przy\u0142\u0105czy i napi\u0119\u0107 cewek. Zaw\u00f3r elektromagnetyczny nie wymagaj\u0105cy do pracy ci\u015bnienia r\u00f3\u017cnicowego. Posiada niewielkie rozmiary, du\u017ce wsp\u00f3\u0142czynniki przep\u0142ywu, ma\u0142e zu\u017cycie energii oraz zakres stosowania.<\/p>\n<p>typ EZ-20-E2<\/p>\n<p>&#8211; elektrozaw\u00f3r og\u00f3lnego stosowania.<\/p>\n<p>&#8211; korpus zaworu mosi\u0105dz<\/p>\n<p>&#8211; normalnie otwarty<\/p>\n<p>&#8211; medium woda, powietrze, lekki olej, inne media oboj\u0119tne<\/p>\n<p>&#8211; rozmiar przy\u0142\u0105cza 3\/4&#8243;<\/p>\n<p>&#8211; uszczelnienie NBR (zakres temperatur -10 +120\u02daC)<\/p>\n<p>&#8211; napi\u0119cie cewki 230 VAC<\/p>\n<p>&#8211; maksymalne ci\u015bnienie: 20 bar<\/p>\n<p>&nbsp;<\/p>\n","protected":false},"excerpt":{"rendered":"<p>&nbsp; ELEKTROZAW\u00d3R 2\/2 NO 3\/4&#8243; Elektrozawory membranowe s\u0105 najcz\u0119\u015bciej stosowane w wielu aplikacjach technicznych. Typowe zawory 2\/2 stosujemy do wody, powietrza, lekkiego oleju i innych oboj\u0119tnych cieczy. W ofercie szeroki zakres przy\u0142\u0105czy i napi\u0119\u0107 cewek. Zaw\u00f3r elektromagnetyczny nie wymagaj\u0105cy do pracy ci\u015bnienia r\u00f3\u017cnicowego. Posiada niewielkie rozmiary, du\u017ce wsp\u00f3\u0142czynniki przep\u0142ywu, ma\u0142e zu\u017cycie energii oraz zakres stosowania. [&hellip;]<\/p>\n","protected":false},"featured_media":1510,"comment_status":"closed","ping_status":"closed","template":"","meta":[],"product_brand":[62],"product_cat":[48],"product_tag":[],"class_list":{"0":"post-954","1":"product","2":"type-product","3":"status-publish","4":"has-post-thumbnail","6":"product_brand-tekma","7":"product_cat-pneumatyka-121447","9":"first","10":"instock","11":"taxable","12":"shipping-taxable","13":"purchasable","14":"product-type-simple"},"yoast_head":"<!-- This site is optimized with the Yoast SEO plugin v27.0 - https:\/\/yoast.com\/product\/yoast-seo-wordpress\/ -->\n<title>Elektrozaw\u00f3r do wody powietrza 2\/2 3\/4 NO 230 VAC - EMER Polska<\/title>\n<meta name=\"robots\" content=\"index, follow, max-snippet:-1, max-image-preview:large, max-video-preview:-1\" \/>\n<link rel=\"canonical\" href=\"https:\/\/emerpolska.pl\/index.php\/produkt\/elektrozawor-do-wody-powietrza-2-2-3-4-no-230-vac\/\" \/>\n<meta property=\"og:locale\" content=\"pl_PL\" \/>\n<meta property=\"og:type\" content=\"article\" \/>\n<meta property=\"og:title\" content=\"Elektrozaw\u00f3r do wody powietrza 2\/2 3\/4 NO 230 VAC - EMER Polska\" \/>\n<meta property=\"og:description\" content=\"&nbsp; ELEKTROZAW\u00d3R 2\/2 NO 3\/4&#8243; Elektrozawory membranowe s\u0105 najcz\u0119\u015bciej stosowane w wielu aplikacjach technicznych. Typowe zawory 2\/2 stosujemy do wody, powietrza, lekkiego oleju i innych oboj\u0119tnych cieczy. W ofercie szeroki zakres przy\u0142\u0105czy i napi\u0119\u0107 cewek. Zaw\u00f3r elektromagnetyczny nie wymagaj\u0105cy do pracy ci\u015bnienia r\u00f3\u017cnicowego. Posiada niewielkie rozmiary, du\u017ce wsp\u00f3\u0142czynniki przep\u0142ywu, ma\u0142e zu\u017cycie energii oraz zakres stosowania. [&hellip;]\" \/>\n<meta property=\"og:url\" content=\"https:\/\/emerpolska.pl\/index.php\/produkt\/elektrozawor-do-wody-powietrza-2-2-3-4-no-230-vac\/\" \/>\n<meta property=\"og:site_name\" content=\"EMER Polska\" \/>\n<meta property=\"article:modified_time\" content=\"2025-08-05T11:35:58+00:00\" \/>\n<meta property=\"og:image\" content=\"https:\/\/emerpolska.pl\/wp-content\/uploads\/2025\/07\/ELEKtrozawor-membranowy.jpeg\" \/>\n\t<meta property=\"og:image:width\" content=\"280\" \/>\n\t<meta property=\"og:image:height\" content=\"325\" \/>\n\t<meta property=\"og:image:type\" content=\"image\/jpeg\" \/>\n<meta name=\"twitter:card\" content=\"summary_large_image\" \/>\n<meta name=\"twitter:label1\" content=\"Szacowany czas czytania\" \/>\n\t<meta name=\"twitter:data1\" content=\"1 minuta\" \/>\n<script type=\"application\/ld+json\" class=\"yoast-schema-graph\">{\"@context\":\"https:\/\/schema.org\",\"@graph\":[{\"@type\":\"WebPage\",\"@id\":\"https:\/\/emerpolska.pl\/index.php\/produkt\/elektrozawor-do-wody-powietrza-2-2-3-4-no-230-vac\/\",\"url\":\"https:\/\/emerpolska.pl\/index.php\/produkt\/elektrozawor-do-wody-powietrza-2-2-3-4-no-230-vac\/\",\"name\":\"Elektrozaw\u00f3r do wody powietrza 2\/2 3\/4 NO 230 VAC - EMER Polska\",\"isPartOf\":{\"@id\":\"https:\/\/emerpolska.pl\/#website\"},\"primaryImageOfPage\":{\"@id\":\"https:\/\/emerpolska.pl\/index.php\/produkt\/elektrozawor-do-wody-powietrza-2-2-3-4-no-230-vac\/#primaryimage\"},\"image\":{\"@id\":\"https:\/\/emerpolska.pl\/index.php\/produkt\/elektrozawor-do-wody-powietrza-2-2-3-4-no-230-vac\/#primaryimage\"},\"thumbnailUrl\":\"https:\/\/emerpolska.pl\/wp-content\/uploads\/2025\/07\/ELEKtrozawor-membranowy.jpeg\",\"datePublished\":\"2025-07-24T21:20:40+00:00\",\"dateModified\":\"2025-08-05T11:35:58+00:00\",\"breadcrumb\":{\"@id\":\"https:\/\/emerpolska.pl\/index.php\/produkt\/elektrozawor-do-wody-powietrza-2-2-3-4-no-230-vac\/#breadcrumb\"},\"inLanguage\":\"pl-PL\",\"potentialAction\":[{\"@type\":\"ReadAction\",\"target\":[\"https:\/\/emerpolska.pl\/index.php\/produkt\/elektrozawor-do-wody-powietrza-2-2-3-4-no-230-vac\/\"]}]},{\"@type\":\"ImageObject\",\"inLanguage\":\"pl-PL\",\"@id\":\"https:\/\/emerpolska.pl\/index.php\/produkt\/elektrozawor-do-wody-powietrza-2-2-3-4-no-230-vac\/#primaryimage\",\"url\":\"https:\/\/emerpolska.pl\/wp-content\/uploads\/2025\/07\/ELEKtrozawor-membranowy.jpeg\",\"contentUrl\":\"https:\/\/emerpolska.pl\/wp-content\/uploads\/2025\/07\/ELEKtrozawor-membranowy.jpeg\",\"width\":280,\"height\":325},{\"@type\":\"BreadcrumbList\",\"@id\":\"https:\/\/emerpolska.pl\/index.php\/produkt\/elektrozawor-do-wody-powietrza-2-2-3-4-no-230-vac\/#breadcrumb\",\"itemListElement\":[{\"@type\":\"ListItem\",\"position\":1,\"name\":\"Strona g\u0142\u00f3wna\",\"item\":\"https:\/\/emerpolska.pl\/\"},{\"@type\":\"ListItem\",\"position\":2,\"name\":\"Jeste\u015bmy w przygotowaniu. Ju\u017c wkr\u00f3tce.\",\"item\":\"https:\/\/emerpolska.pl\/index.php\/shop\/\"},{\"@type\":\"ListItem\",\"position\":3,\"name\":\"Elektrozaw\u00f3r do wody powietrza 2\/2 3\/4 NO 230 VAC\"}]},{\"@type\":\"WebSite\",\"@id\":\"https:\/\/emerpolska.pl\/#website\",\"url\":\"https:\/\/emerpolska.pl\/\",\"name\":\"EMER Polska\",\"description\":\"Centrum Pneumatyki i Automatyki\",\"publisher\":{\"@id\":\"https:\/\/emerpolska.pl\/#organization\"},\"potentialAction\":[{\"@type\":\"SearchAction\",\"target\":{\"@type\":\"EntryPoint\",\"urlTemplate\":\"https:\/\/emerpolska.pl\/?s={search_term_string}\"},\"query-input\":{\"@type\":\"PropertyValueSpecification\",\"valueRequired\":true,\"valueName\":\"search_term_string\"}}],\"inLanguage\":\"pl-PL\"},{\"@type\":\"Organization\",\"@id\":\"https:\/\/emerpolska.pl\/#organization\",\"name\":\"EMER Polska\",\"url\":\"https:\/\/emerpolska.pl\/\",\"logo\":{\"@type\":\"ImageObject\",\"inLanguage\":\"pl-PL\",\"@id\":\"https:\/\/emerpolska.pl\/#\/schema\/logo\/image\/\",\"url\":\"https:\/\/emerpolska.pl\/wp-content\/uploads\/2025\/07\/logo.jpg\",\"contentUrl\":\"https:\/\/emerpolska.pl\/wp-content\/uploads\/2025\/07\/logo.jpg\",\"width\":1021,\"height\":362,\"caption\":\"EMER Polska\"},\"image\":{\"@id\":\"https:\/\/emerpolska.pl\/#\/schema\/logo\/image\/\"}}]}<\/script>\n<!-- \/ Yoast SEO plugin. -->","yoast_head_json":{"title":"Elektrozaw\u00f3r do wody powietrza 2\/2 3\/4 NO 230 VAC - EMER Polska","robots":{"index":"index","follow":"follow","max-snippet":"max-snippet:-1","max-image-preview":"max-image-preview:large","max-video-preview":"max-video-preview:-1"},"canonical":"https:\/\/emerpolska.pl\/index.php\/produkt\/elektrozawor-do-wody-powietrza-2-2-3-4-no-230-vac\/","og_locale":"pl_PL","og_type":"article","og_title":"Elektrozaw\u00f3r do wody powietrza 2\/2 3\/4 NO 230 VAC - EMER Polska","og_description":"&nbsp; ELEKTROZAW\u00d3R 2\/2 NO 3\/4&#8243; Elektrozawory membranowe s\u0105 najcz\u0119\u015bciej stosowane w wielu aplikacjach technicznych. Typowe zawory 2\/2 stosujemy do wody, powietrza, lekkiego oleju i innych oboj\u0119tnych cieczy. W ofercie szeroki zakres przy\u0142\u0105czy i napi\u0119\u0107 cewek. Zaw\u00f3r elektromagnetyczny nie wymagaj\u0105cy do pracy ci\u015bnienia r\u00f3\u017cnicowego. Posiada niewielkie rozmiary, du\u017ce wsp\u00f3\u0142czynniki przep\u0142ywu, ma\u0142e zu\u017cycie energii oraz zakres stosowania. [&hellip;]","og_url":"https:\/\/emerpolska.pl\/index.php\/produkt\/elektrozawor-do-wody-powietrza-2-2-3-4-no-230-vac\/","og_site_name":"EMER Polska","article_modified_time":"2025-08-05T11:35:58+00:00","og_image":[{"width":280,"height":325,"url":"https:\/\/emerpolska.pl\/wp-content\/uploads\/2025\/07\/ELEKtrozawor-membranowy.jpeg","type":"image\/jpeg"}],"twitter_card":"summary_large_image","twitter_misc":{"Szacowany czas czytania":"1 minuta"},"schema":{"@context":"https:\/\/schema.org","@graph":[{"@type":"WebPage","@id":"https:\/\/emerpolska.pl\/index.php\/produkt\/elektrozawor-do-wody-powietrza-2-2-3-4-no-230-vac\/","url":"https:\/\/emerpolska.pl\/index.php\/produkt\/elektrozawor-do-wody-powietrza-2-2-3-4-no-230-vac\/","name":"Elektrozaw\u00f3r do wody powietrza 2\/2 3\/4 NO 230 VAC - EMER Polska","isPartOf":{"@id":"https:\/\/emerpolska.pl\/#website"},"primaryImageOfPage":{"@id":"https:\/\/emerpolska.pl\/index.php\/produkt\/elektrozawor-do-wody-powietrza-2-2-3-4-no-230-vac\/#primaryimage"},"image":{"@id":"https:\/\/emerpolska.pl\/index.php\/produkt\/elektrozawor-do-wody-powietrza-2-2-3-4-no-230-vac\/#primaryimage"},"thumbnailUrl":"https:\/\/emerpolska.pl\/wp-content\/uploads\/2025\/07\/ELEKtrozawor-membranowy.jpeg","datePublished":"2025-07-24T21:20:40+00:00","dateModified":"2025-08-05T11:35:58+00:00","breadcrumb":{"@id":"https:\/\/emerpolska.pl\/index.php\/produkt\/elektrozawor-do-wody-powietrza-2-2-3-4-no-230-vac\/#breadcrumb"},"inLanguage":"pl-PL","potentialAction":[{"@type":"ReadAction","target":["https:\/\/emerpolska.pl\/index.php\/produkt\/elektrozawor-do-wody-powietrza-2-2-3-4-no-230-vac\/"]}]},{"@type":"ImageObject","inLanguage":"pl-PL","@id":"https:\/\/emerpolska.pl\/index.php\/produkt\/elektrozawor-do-wody-powietrza-2-2-3-4-no-230-vac\/#primaryimage","url":"https:\/\/emerpolska.pl\/wp-content\/uploads\/2025\/07\/ELEKtrozawor-membranowy.jpeg","contentUrl":"https:\/\/emerpolska.pl\/wp-content\/uploads\/2025\/07\/ELEKtrozawor-membranowy.jpeg","width":280,"height":325},{"@type":"BreadcrumbList","@id":"https:\/\/emerpolska.pl\/index.php\/produkt\/elektrozawor-do-wody-powietrza-2-2-3-4-no-230-vac\/#breadcrumb","itemListElement":[{"@type":"ListItem","position":1,"name":"Strona g\u0142\u00f3wna","item":"https:\/\/emerpolska.pl\/"},{"@type":"ListItem","position":2,"name":"Jeste\u015bmy w przygotowaniu. Ju\u017c wkr\u00f3tce.","item":"https:\/\/emerpolska.pl\/index.php\/shop\/"},{"@type":"ListItem","position":3,"name":"Elektrozaw\u00f3r do wody powietrza 2\/2 3\/4 NO 230 VAC"}]},{"@type":"WebSite","@id":"https:\/\/emerpolska.pl\/#website","url":"https:\/\/emerpolska.pl\/","name":"EMER Polska","description":"Centrum Pneumatyki i Automatyki","publisher":{"@id":"https:\/\/emerpolska.pl\/#organization"},"potentialAction":[{"@type":"SearchAction","target":{"@type":"EntryPoint","urlTemplate":"https:\/\/emerpolska.pl\/?s={search_term_string}"},"query-input":{"@type":"PropertyValueSpecification","valueRequired":true,"valueName":"search_term_string"}}],"inLanguage":"pl-PL"},{"@type":"Organization","@id":"https:\/\/emerpolska.pl\/#organization","name":"EMER Polska","url":"https:\/\/emerpolska.pl\/","logo":{"@type":"ImageObject","inLanguage":"pl-PL","@id":"https:\/\/emerpolska.pl\/#\/schema\/logo\/image\/","url":"https:\/\/emerpolska.pl\/wp-content\/uploads\/2025\/07\/logo.jpg","contentUrl":"https:\/\/emerpolska.pl\/wp-content\/uploads\/2025\/07\/logo.jpg","width":1021,"height":362,"caption":"EMER Polska"},"image":{"@id":"https:\/\/emerpolska.pl\/#\/schema\/logo\/image\/"}}]}},"_links":{"self":[{"href":"https:\/\/emerpolska.pl\/index.php\/wp-json\/wp\/v2\/product\/954","targetHints":{"allow":["GET"]}}],"collection":[{"href":"https:\/\/emerpolska.pl\/index.php\/wp-json\/wp\/v2\/product"}],"about":[{"href":"https:\/\/emerpolska.pl\/index.php\/wp-json\/wp\/v2\/types\/product"}],"replies":[{"embeddable":true,"href":"https:\/\/emerpolska.pl\/index.php\/wp-json\/wp\/v2\/comments?post=954"}],"wp:featuredmedia":[{"embeddable":true,"href":"https:\/\/emerpolska.pl\/index.php\/wp-json\/wp\/v2\/media\/1510"}],"wp:attachment":[{"href":"https:\/\/emerpolska.pl\/index.php\/wp-json\/wp\/v2\/media?parent=954"}],"wp:term":[{"taxonomy":"product_brand","embeddable":true,"href":"https:\/\/emerpolska.pl\/index.php\/wp-json\/wp\/v2\/product_brand?post=954"},{"taxonomy":"product_cat","embeddable":true,"href":"https:\/\/emerpolska.pl\/index.php\/wp-json\/wp\/v2\/product_cat?post=954"},{"taxonomy":"product_tag","embeddable":true,"href":"https:\/\/emerpolska.pl\/index.php\/wp-json\/wp\/v2\/product_tag?post=954"}],"curies":[{"name":"wp","href":"https:\/\/api.w.org\/{rel}","templated":true}]}}