{"id":960,"date":"2025-07-24T23:20:43","date_gmt":"2025-07-24T21:20:43","guid":{"rendered":"https:\/\/emerpolska.pl\/index.php\/produkt\/szybkozlacze-gniazdo-1-4-gw-rectus-26kaiw\/"},"modified":"2025-07-24T23:20:43","modified_gmt":"2025-07-24T21:20:43","slug":"szybkozlacze-gniazdo-1-4-gw-rectus-26kaiw","status":"publish","type":"product","link":"https:\/\/emerpolska.pl\/index.php\/produkt\/szybkozlacze-gniazdo-1-4-gw-rectus-26kaiw\/","title":{"rendered":"Szybkoz\u0142\u0105cze gniazdo 1\/4 GW RECTUS 26KAIW"},"content":{"rendered":"<p>{&#8222;sections&#8221;:[{&#8222;items&#8221;:[{&#8222;type&#8221;:&#8221;TEXT&#8221;,&#8221;content&#8221;:&#8221;<\/p>\n<h1>Szybkoz\u0142\u0105cze gniazdo  26KAIW<\/h1>\n<p>Profil standardowy EURO. Z\u0142\u0105cze o zastosowaniu uniwersalnym, wykonane z mosi\u0105dzu. Zamkni\u0119ty korpus zewn\u0119trzny zabezpiecza cz\u0119\u015bci wewn\u0119trzne przed zanieczyszczeniami. Poprzez zastosownie hartowanych ko\u0142k\u00f3w rygluj\u0105cych mo\u017cliwa jest wsp\u00f3\u0142praca z narz\u0119dziami wyposa\u017conymi we wtyczki stalowe.<\/p>\n<p>&#8211; gniazdo gwint wewn\u0119trzny 1\/4&#8243;<\/p>\n<p>&#8211; uniwersalne szybkoz\u0142\u0105cze mosi\u0119\u017cne<\/p>\n<p>&#8211; ci\u015bnienie robocze PN=35bar<\/p>\n<p>&#8211; temperatura -20 do +100 stopni C<\/p>\n<p>&#8211; wydajno\u015b\u0107 960 l\/min<\/p>\n<p>&#8211; ci\u015bnienie wej\u015bciowe 6 atm.<\/p>\n<p>&#8211; spadek ci\u015bnienia 0,5 atm.<\/p>\n<p><b>Kompatybilno\u015b\u0107<\/b><\/p>\n<p>RECTUS 25<\/p>\n<p>RECTUS 1600\/1625<\/p>\n<p>TEMA 1600<\/p>\n<p>CEJN 320<\/p>\n<p>JWL 520 + JWL 530<\/p>\n<p>i inne produkty niemieckie<\/p>\n<p><b>Zastosowanie<\/b><\/p>\n<p>Wszechstronne zastosowanie w przemy\u015ble i rzemio\u015ble.<\/p>\n<p>W ofercie dost\u0119pne r\u00f3wnie\u017c szybkoz\u0142\u0105cza z innymi rozmiarami przy\u0142\u0105czy, gwintami wewn\u0119trznymi, tulejami do w\u0119\u017ca itd. U nas znajdziecie wszystko co jest niezb\u0119dne do pneumatyki.<\/p>\n<p>&#8222;},{&#8222;type&#8221;:&#8221;IMAGE&#8221;,&#8221;url&#8221;:&#8221;https:\/\/a.allegroimg.com\/original\/116fc5\/cc4fdaea4a8fb7039d5754eac205&#8243;}]}]}<\/p>\n","protected":false},"excerpt":{"rendered":"<p>{&#8222;sections&#8221;:[{&#8222;items&#8221;:[{&#8222;type&#8221;:&#8221;TEXT&#8221;,&#8221;content&#8221;:&#8221; Szybkoz\u0142\u0105cze gniazdo 26KAIW Profil standardowy EURO. Z\u0142\u0105cze o zastosowaniu uniwersalnym, wykonane z mosi\u0105dzu. Zamkni\u0119ty korpus zewn\u0119trzny zabezpiecza cz\u0119\u015bci wewn\u0119trzne przed zanieczyszczeniami. Poprzez zastosownie hartowanych ko\u0142k\u00f3w rygluj\u0105cych mo\u017cliwa jest wsp\u00f3\u0142praca z narz\u0119dziami wyposa\u017conymi we wtyczki stalowe. &#8211; gniazdo gwint wewn\u0119trzny 1\/4&#8243; &#8211; uniwersalne szybkoz\u0142\u0105cze mosi\u0119\u017cne &#8211; ci\u015bnienie robocze PN=35bar &#8211; temperatura -20 do +100 stopni [&hellip;]<\/p>\n","protected":false},"featured_media":0,"comment_status":"open","ping_status":"closed","template":"","meta":[],"product_brand":[60],"product_cat":[48],"product_tag":[],"class_list":{"0":"post-960","1":"product","2":"type-product","3":"status-publish","5":"product_brand-inny","6":"product_cat-pneumatyka-121447","8":"first","9":"instock","10":"taxable","11":"shipping-taxable","12":"purchasable","13":"product-type-simple"},"yoast_head":"<!-- This site is optimized with the Yoast SEO plugin v27.0 - https:\/\/yoast.com\/product\/yoast-seo-wordpress\/ -->\n<title>Szybkoz\u0142\u0105cze gniazdo 1\/4 GW RECTUS 26KAIW - EMER Polska<\/title>\n<meta name=\"robots\" content=\"index, follow, max-snippet:-1, max-image-preview:large, max-video-preview:-1\" \/>\n<link rel=\"canonical\" href=\"https:\/\/emerpolska.pl\/index.php\/produkt\/szybkozlacze-gniazdo-1-4-gw-rectus-26kaiw\/\" \/>\n<meta property=\"og:locale\" content=\"pl_PL\" \/>\n<meta property=\"og:type\" content=\"article\" \/>\n<meta property=\"og:title\" content=\"Szybkoz\u0142\u0105cze gniazdo 1\/4 GW RECTUS 26KAIW - EMER Polska\" \/>\n<meta property=\"og:description\" content=\"{&#8222;sections&#8221;:[{&#8222;items&#8221;:[{&#8222;type&#8221;:&#8221;TEXT&#8221;,&#8221;content&#8221;:&#8221; Szybkoz\u0142\u0105cze gniazdo 26KAIW Profil standardowy EURO. Z\u0142\u0105cze o zastosowaniu uniwersalnym, wykonane z mosi\u0105dzu. Zamkni\u0119ty korpus zewn\u0119trzny zabezpiecza cz\u0119\u015bci wewn\u0119trzne przed zanieczyszczeniami. Poprzez zastosownie hartowanych ko\u0142k\u00f3w rygluj\u0105cych mo\u017cliwa jest wsp\u00f3\u0142praca z narz\u0119dziami wyposa\u017conymi we wtyczki stalowe. &#8211; gniazdo gwint wewn\u0119trzny 1\/4&#8243; &#8211; uniwersalne szybkoz\u0142\u0105cze mosi\u0119\u017cne &#8211; ci\u015bnienie robocze PN=35bar &#8211; temperatura -20 do +100 stopni [&hellip;]\" \/>\n<meta property=\"og:url\" content=\"https:\/\/emerpolska.pl\/index.php\/produkt\/szybkozlacze-gniazdo-1-4-gw-rectus-26kaiw\/\" \/>\n<meta property=\"og:site_name\" content=\"EMER Polska\" \/>\n<meta name=\"twitter:card\" content=\"summary_large_image\" \/>\n<meta name=\"twitter:label1\" content=\"Szacowany czas czytania\" \/>\n\t<meta name=\"twitter:data1\" content=\"1 minuta\" \/>\n<script type=\"application\/ld+json\" class=\"yoast-schema-graph\">{\"@context\":\"https:\/\/schema.org\",\"@graph\":[{\"@type\":\"WebPage\",\"@id\":\"https:\/\/emerpolska.pl\/index.php\/produkt\/szybkozlacze-gniazdo-1-4-gw-rectus-26kaiw\/\",\"url\":\"https:\/\/emerpolska.pl\/index.php\/produkt\/szybkozlacze-gniazdo-1-4-gw-rectus-26kaiw\/\",\"name\":\"Szybkoz\u0142\u0105cze gniazdo 1\/4 GW RECTUS 26KAIW - EMER Polska\",\"isPartOf\":{\"@id\":\"https:\/\/emerpolska.pl\/#website\"},\"datePublished\":\"2025-07-24T21:20:43+00:00\",\"breadcrumb\":{\"@id\":\"https:\/\/emerpolska.pl\/index.php\/produkt\/szybkozlacze-gniazdo-1-4-gw-rectus-26kaiw\/#breadcrumb\"},\"inLanguage\":\"pl-PL\",\"potentialAction\":[{\"@type\":\"ReadAction\",\"target\":[\"https:\/\/emerpolska.pl\/index.php\/produkt\/szybkozlacze-gniazdo-1-4-gw-rectus-26kaiw\/\"]}]},{\"@type\":\"BreadcrumbList\",\"@id\":\"https:\/\/emerpolska.pl\/index.php\/produkt\/szybkozlacze-gniazdo-1-4-gw-rectus-26kaiw\/#breadcrumb\",\"itemListElement\":[{\"@type\":\"ListItem\",\"position\":1,\"name\":\"Strona g\u0142\u00f3wna\",\"item\":\"https:\/\/emerpolska.pl\/\"},{\"@type\":\"ListItem\",\"position\":2,\"name\":\"Jeste\u015bmy w przygotowaniu. Ju\u017c wkr\u00f3tce.\",\"item\":\"https:\/\/emerpolska.pl\/index.php\/shop\/\"},{\"@type\":\"ListItem\",\"position\":3,\"name\":\"Szybkoz\u0142\u0105cze gniazdo 1\/4 GW RECTUS 26KAIW\"}]},{\"@type\":\"WebSite\",\"@id\":\"https:\/\/emerpolska.pl\/#website\",\"url\":\"https:\/\/emerpolska.pl\/\",\"name\":\"EMER Polska\",\"description\":\"Centrum Pneumatyki i Automatyki\",\"publisher\":{\"@id\":\"https:\/\/emerpolska.pl\/#organization\"},\"potentialAction\":[{\"@type\":\"SearchAction\",\"target\":{\"@type\":\"EntryPoint\",\"urlTemplate\":\"https:\/\/emerpolska.pl\/?s={search_term_string}\"},\"query-input\":{\"@type\":\"PropertyValueSpecification\",\"valueRequired\":true,\"valueName\":\"search_term_string\"}}],\"inLanguage\":\"pl-PL\"},{\"@type\":\"Organization\",\"@id\":\"https:\/\/emerpolska.pl\/#organization\",\"name\":\"EMER Polska\",\"url\":\"https:\/\/emerpolska.pl\/\",\"logo\":{\"@type\":\"ImageObject\",\"inLanguage\":\"pl-PL\",\"@id\":\"https:\/\/emerpolska.pl\/#\/schema\/logo\/image\/\",\"url\":\"https:\/\/emerpolska.pl\/wp-content\/uploads\/2025\/07\/logo.jpg\",\"contentUrl\":\"https:\/\/emerpolska.pl\/wp-content\/uploads\/2025\/07\/logo.jpg\",\"width\":1021,\"height\":362,\"caption\":\"EMER Polska\"},\"image\":{\"@id\":\"https:\/\/emerpolska.pl\/#\/schema\/logo\/image\/\"}}]}<\/script>\n<!-- \/ Yoast SEO plugin. -->","yoast_head_json":{"title":"Szybkoz\u0142\u0105cze gniazdo 1\/4 GW RECTUS 26KAIW - EMER Polska","robots":{"index":"index","follow":"follow","max-snippet":"max-snippet:-1","max-image-preview":"max-image-preview:large","max-video-preview":"max-video-preview:-1"},"canonical":"https:\/\/emerpolska.pl\/index.php\/produkt\/szybkozlacze-gniazdo-1-4-gw-rectus-26kaiw\/","og_locale":"pl_PL","og_type":"article","og_title":"Szybkoz\u0142\u0105cze gniazdo 1\/4 GW RECTUS 26KAIW - EMER Polska","og_description":"{&#8222;sections&#8221;:[{&#8222;items&#8221;:[{&#8222;type&#8221;:&#8221;TEXT&#8221;,&#8221;content&#8221;:&#8221; Szybkoz\u0142\u0105cze gniazdo 26KAIW Profil standardowy EURO. Z\u0142\u0105cze o zastosowaniu uniwersalnym, wykonane z mosi\u0105dzu. Zamkni\u0119ty korpus zewn\u0119trzny zabezpiecza cz\u0119\u015bci wewn\u0119trzne przed zanieczyszczeniami. Poprzez zastosownie hartowanych ko\u0142k\u00f3w rygluj\u0105cych mo\u017cliwa jest wsp\u00f3\u0142praca z narz\u0119dziami wyposa\u017conymi we wtyczki stalowe. &#8211; gniazdo gwint wewn\u0119trzny 1\/4&#8243; &#8211; uniwersalne szybkoz\u0142\u0105cze mosi\u0119\u017cne &#8211; ci\u015bnienie robocze PN=35bar &#8211; temperatura -20 do +100 stopni [&hellip;]","og_url":"https:\/\/emerpolska.pl\/index.php\/produkt\/szybkozlacze-gniazdo-1-4-gw-rectus-26kaiw\/","og_site_name":"EMER Polska","twitter_card":"summary_large_image","twitter_misc":{"Szacowany czas czytania":"1 minuta"},"schema":{"@context":"https:\/\/schema.org","@graph":[{"@type":"WebPage","@id":"https:\/\/emerpolska.pl\/index.php\/produkt\/szybkozlacze-gniazdo-1-4-gw-rectus-26kaiw\/","url":"https:\/\/emerpolska.pl\/index.php\/produkt\/szybkozlacze-gniazdo-1-4-gw-rectus-26kaiw\/","name":"Szybkoz\u0142\u0105cze gniazdo 1\/4 GW RECTUS 26KAIW - EMER Polska","isPartOf":{"@id":"https:\/\/emerpolska.pl\/#website"},"datePublished":"2025-07-24T21:20:43+00:00","breadcrumb":{"@id":"https:\/\/emerpolska.pl\/index.php\/produkt\/szybkozlacze-gniazdo-1-4-gw-rectus-26kaiw\/#breadcrumb"},"inLanguage":"pl-PL","potentialAction":[{"@type":"ReadAction","target":["https:\/\/emerpolska.pl\/index.php\/produkt\/szybkozlacze-gniazdo-1-4-gw-rectus-26kaiw\/"]}]},{"@type":"BreadcrumbList","@id":"https:\/\/emerpolska.pl\/index.php\/produkt\/szybkozlacze-gniazdo-1-4-gw-rectus-26kaiw\/#breadcrumb","itemListElement":[{"@type":"ListItem","position":1,"name":"Strona g\u0142\u00f3wna","item":"https:\/\/emerpolska.pl\/"},{"@type":"ListItem","position":2,"name":"Jeste\u015bmy w przygotowaniu. Ju\u017c wkr\u00f3tce.","item":"https:\/\/emerpolska.pl\/index.php\/shop\/"},{"@type":"ListItem","position":3,"name":"Szybkoz\u0142\u0105cze gniazdo 1\/4 GW RECTUS 26KAIW"}]},{"@type":"WebSite","@id":"https:\/\/emerpolska.pl\/#website","url":"https:\/\/emerpolska.pl\/","name":"EMER Polska","description":"Centrum Pneumatyki i Automatyki","publisher":{"@id":"https:\/\/emerpolska.pl\/#organization"},"potentialAction":[{"@type":"SearchAction","target":{"@type":"EntryPoint","urlTemplate":"https:\/\/emerpolska.pl\/?s={search_term_string}"},"query-input":{"@type":"PropertyValueSpecification","valueRequired":true,"valueName":"search_term_string"}}],"inLanguage":"pl-PL"},{"@type":"Organization","@id":"https:\/\/emerpolska.pl\/#organization","name":"EMER Polska","url":"https:\/\/emerpolska.pl\/","logo":{"@type":"ImageObject","inLanguage":"pl-PL","@id":"https:\/\/emerpolska.pl\/#\/schema\/logo\/image\/","url":"https:\/\/emerpolska.pl\/wp-content\/uploads\/2025\/07\/logo.jpg","contentUrl":"https:\/\/emerpolska.pl\/wp-content\/uploads\/2025\/07\/logo.jpg","width":1021,"height":362,"caption":"EMER Polska"},"image":{"@id":"https:\/\/emerpolska.pl\/#\/schema\/logo\/image\/"}}]}},"_links":{"self":[{"href":"https:\/\/emerpolska.pl\/index.php\/wp-json\/wp\/v2\/product\/960","targetHints":{"allow":["GET"]}}],"collection":[{"href":"https:\/\/emerpolska.pl\/index.php\/wp-json\/wp\/v2\/product"}],"about":[{"href":"https:\/\/emerpolska.pl\/index.php\/wp-json\/wp\/v2\/types\/product"}],"replies":[{"embeddable":true,"href":"https:\/\/emerpolska.pl\/index.php\/wp-json\/wp\/v2\/comments?post=960"}],"wp:attachment":[{"href":"https:\/\/emerpolska.pl\/index.php\/wp-json\/wp\/v2\/media?parent=960"}],"wp:term":[{"taxonomy":"product_brand","embeddable":true,"href":"https:\/\/emerpolska.pl\/index.php\/wp-json\/wp\/v2\/product_brand?post=960"},{"taxonomy":"product_cat","embeddable":true,"href":"https:\/\/emerpolska.pl\/index.php\/wp-json\/wp\/v2\/product_cat?post=960"},{"taxonomy":"product_tag","embeddable":true,"href":"https:\/\/emerpolska.pl\/index.php\/wp-json\/wp\/v2\/product_tag?post=960"}],"curies":[{"name":"wp","href":"https:\/\/api.w.org\/{rel}","templated":true}]}}