{"id":994,"date":"2025-07-24T23:20:59","date_gmt":"2025-07-24T21:20:59","guid":{"rendered":"https:\/\/emerpolska.pl\/index.php\/produkt\/szybkozlacze-gniazdo-3-8-seria-21-stal-nierdzewna\/"},"modified":"2025-07-24T23:20:59","modified_gmt":"2025-07-24T21:20:59","slug":"szybkozlacze-gniazdo-3-8-seria-21-stal-nierdzewna","status":"publish","type":"product","link":"https:\/\/emerpolska.pl\/index.php\/produkt\/szybkozlacze-gniazdo-3-8-seria-21-stal-nierdzewna\/","title":{"rendered":"Szybkoz\u0142\u0105cze gniazdo 3\/8 seria 21 stal nierdzewna"},"content":{"rendered":"<p>{&#8222;sections&#8221;:[{&#8222;items&#8221;:[{&#8222;type&#8221;:&#8221;TEXT&#8221;,&#8221;content&#8221;:&#8221;<\/p>\n<h1>Szybkoz\u0142\u0105cze gniazdo 21<\/h1>\n<p>Typ 21 jest troch\u0119 wi\u0119ksz\u0105 wersj\u0105 serii 20. Idealnie dostosowane z\u0142\u0105cze do pracy w warunkach, gdzie miejsce nabiera szczeg\u00f3lnego znaczenia.<\/p>\n<p>&#8211; przy\u0142\u0105cze GZ 3\/8&#8243;<\/p>\n<p>&#8211; ci\u015bnienie robocze 0-35 bar<\/p>\n<p>&#8211; wydajno\u015b\u0107 = 560 l\/min<\/p>\n<p>&#8211; wersja mini<\/p>\n<p>&#8211; ci\u015bnienie wej\u015bciowe = 6 atm.<\/p>\n<p>&#8211; spadek ci\u015bnienia = 0,5 atm.<\/p>\n<p>&#8211; temperatura od -20oC do +100oC (NBR)<\/p>\n<p>&#8211; materia\u0142 stal nierdzewna<\/p>\n<p><b>Zalety<\/b><\/p>\n<p>Z\u0142\u0105cze o wysokiej jako\u015bci i ma\u0142ych rozmiarach, obs\u0142ugiwane jedn\u0105 r\u0119k\u0105, du\u017ca wydajno\u015b\u0107 przep\u0142ywu przy minimalnych rozmiarach. Szerokie zastosowanie.<\/p>\n<p><b>Kompatybilno\u015b\u0107<\/b><\/p>\n<p>Rectus 90<\/p>\n<p>Camozzi<\/p>\n<p>Ewo<\/p>\n<p>Kani<\/p>\n<p><b>Zastosowanie<\/b><\/p>\n<p>Ma\u0142e urz\u0105dzenia pneumatyczne, roboty, pneuma- tyka, przemys\u0142owe maszyny do szycia oraz produkcji opakowa\u0144, technika medyczna, systemy szkoleniowe, urz\u0105dzenia oddechowe, wyposa\u017cenie nurka, technika pomiarowa, ch\u0142odzenie urz\u0105dze\u0144 spawalniczych, przeno\u015bne gazowe urz\u0105dzenia grzewcze, analizatory, urzadzenia dozuj\u0105ce.<\/p>\n<p>&#8222;},{&#8222;type&#8221;:&#8221;IMAGE&#8221;,&#8221;url&#8221;:&#8221;https:\/\/a.allegroimg.com\/original\/1173c8\/3deb68f24e3fb65fcf8371160346&#8243;}]}]}<\/p>\n","protected":false},"excerpt":{"rendered":"<p>{&#8222;sections&#8221;:[{&#8222;items&#8221;:[{&#8222;type&#8221;:&#8221;TEXT&#8221;,&#8221;content&#8221;:&#8221; Szybkoz\u0142\u0105cze gniazdo 21 Typ 21 jest troch\u0119 wi\u0119ksz\u0105 wersj\u0105 serii 20. Idealnie dostosowane z\u0142\u0105cze do pracy w warunkach, gdzie miejsce nabiera szczeg\u00f3lnego znaczenia. &#8211; przy\u0142\u0105cze GZ 3\/8&#8243; &#8211; ci\u015bnienie robocze 0-35 bar &#8211; wydajno\u015b\u0107 = 560 l\/min &#8211; wersja mini &#8211; ci\u015bnienie wej\u015bciowe = 6 atm. &#8211; spadek ci\u015bnienia = 0,5 atm. &#8211; temperatura [&hellip;]<\/p>\n","protected":false},"featured_media":0,"comment_status":"open","ping_status":"closed","template":"","meta":[],"product_brand":[58],"product_cat":[48],"product_tag":[],"class_list":{"0":"post-994","1":"product","2":"type-product","3":"status-publish","5":"product_brand-semex","6":"product_cat-pneumatyka-121447","8":"first","9":"instock","10":"taxable","11":"shipping-taxable","12":"purchasable","13":"product-type-simple"},"yoast_head":"<!-- This site is optimized with the Yoast SEO plugin v27.0 - https:\/\/yoast.com\/product\/yoast-seo-wordpress\/ -->\n<title>Szybkoz\u0142\u0105cze gniazdo 3\/8 seria 21 stal nierdzewna - EMER Polska<\/title>\n<meta name=\"robots\" content=\"index, follow, max-snippet:-1, max-image-preview:large, max-video-preview:-1\" \/>\n<link rel=\"canonical\" href=\"https:\/\/emerpolska.pl\/index.php\/produkt\/szybkozlacze-gniazdo-3-8-seria-21-stal-nierdzewna\/\" \/>\n<meta property=\"og:locale\" content=\"pl_PL\" \/>\n<meta property=\"og:type\" content=\"article\" \/>\n<meta property=\"og:title\" content=\"Szybkoz\u0142\u0105cze gniazdo 3\/8 seria 21 stal nierdzewna - EMER Polska\" \/>\n<meta property=\"og:description\" content=\"{&#8222;sections&#8221;:[{&#8222;items&#8221;:[{&#8222;type&#8221;:&#8221;TEXT&#8221;,&#8221;content&#8221;:&#8221; Szybkoz\u0142\u0105cze gniazdo 21 Typ 21 jest troch\u0119 wi\u0119ksz\u0105 wersj\u0105 serii 20. Idealnie dostosowane z\u0142\u0105cze do pracy w warunkach, gdzie miejsce nabiera szczeg\u00f3lnego znaczenia. &#8211; przy\u0142\u0105cze GZ 3\/8&#8243; &#8211; ci\u015bnienie robocze 0-35 bar &#8211; wydajno\u015b\u0107 = 560 l\/min &#8211; wersja mini &#8211; ci\u015bnienie wej\u015bciowe = 6 atm. &#8211; spadek ci\u015bnienia = 0,5 atm. &#8211; temperatura [&hellip;]\" \/>\n<meta property=\"og:url\" content=\"https:\/\/emerpolska.pl\/index.php\/produkt\/szybkozlacze-gniazdo-3-8-seria-21-stal-nierdzewna\/\" \/>\n<meta property=\"og:site_name\" content=\"EMER Polska\" \/>\n<meta name=\"twitter:card\" content=\"summary_large_image\" \/>\n<meta name=\"twitter:label1\" content=\"Szacowany czas czytania\" \/>\n\t<meta name=\"twitter:data1\" content=\"1 minuta\" \/>\n<script type=\"application\/ld+json\" class=\"yoast-schema-graph\">{\"@context\":\"https:\/\/schema.org\",\"@graph\":[{\"@type\":\"WebPage\",\"@id\":\"https:\/\/emerpolska.pl\/index.php\/produkt\/szybkozlacze-gniazdo-3-8-seria-21-stal-nierdzewna\/\",\"url\":\"https:\/\/emerpolska.pl\/index.php\/produkt\/szybkozlacze-gniazdo-3-8-seria-21-stal-nierdzewna\/\",\"name\":\"Szybkoz\u0142\u0105cze gniazdo 3\/8 seria 21 stal nierdzewna - EMER Polska\",\"isPartOf\":{\"@id\":\"https:\/\/emerpolska.pl\/#website\"},\"datePublished\":\"2025-07-24T21:20:59+00:00\",\"breadcrumb\":{\"@id\":\"https:\/\/emerpolska.pl\/index.php\/produkt\/szybkozlacze-gniazdo-3-8-seria-21-stal-nierdzewna\/#breadcrumb\"},\"inLanguage\":\"pl-PL\",\"potentialAction\":[{\"@type\":\"ReadAction\",\"target\":[\"https:\/\/emerpolska.pl\/index.php\/produkt\/szybkozlacze-gniazdo-3-8-seria-21-stal-nierdzewna\/\"]}]},{\"@type\":\"BreadcrumbList\",\"@id\":\"https:\/\/emerpolska.pl\/index.php\/produkt\/szybkozlacze-gniazdo-3-8-seria-21-stal-nierdzewna\/#breadcrumb\",\"itemListElement\":[{\"@type\":\"ListItem\",\"position\":1,\"name\":\"Strona g\u0142\u00f3wna\",\"item\":\"https:\/\/emerpolska.pl\/\"},{\"@type\":\"ListItem\",\"position\":2,\"name\":\"Jeste\u015bmy w przygotowaniu. Ju\u017c wkr\u00f3tce.\",\"item\":\"https:\/\/emerpolska.pl\/index.php\/shop\/\"},{\"@type\":\"ListItem\",\"position\":3,\"name\":\"Szybkoz\u0142\u0105cze gniazdo 3\/8 seria 21 stal nierdzewna\"}]},{\"@type\":\"WebSite\",\"@id\":\"https:\/\/emerpolska.pl\/#website\",\"url\":\"https:\/\/emerpolska.pl\/\",\"name\":\"EMER Polska\",\"description\":\"Centrum Pneumatyki i Automatyki\",\"publisher\":{\"@id\":\"https:\/\/emerpolska.pl\/#organization\"},\"potentialAction\":[{\"@type\":\"SearchAction\",\"target\":{\"@type\":\"EntryPoint\",\"urlTemplate\":\"https:\/\/emerpolska.pl\/?s={search_term_string}\"},\"query-input\":{\"@type\":\"PropertyValueSpecification\",\"valueRequired\":true,\"valueName\":\"search_term_string\"}}],\"inLanguage\":\"pl-PL\"},{\"@type\":\"Organization\",\"@id\":\"https:\/\/emerpolska.pl\/#organization\",\"name\":\"EMER Polska\",\"url\":\"https:\/\/emerpolska.pl\/\",\"logo\":{\"@type\":\"ImageObject\",\"inLanguage\":\"pl-PL\",\"@id\":\"https:\/\/emerpolska.pl\/#\/schema\/logo\/image\/\",\"url\":\"https:\/\/emerpolska.pl\/wp-content\/uploads\/2025\/07\/logo.jpg\",\"contentUrl\":\"https:\/\/emerpolska.pl\/wp-content\/uploads\/2025\/07\/logo.jpg\",\"width\":1021,\"height\":362,\"caption\":\"EMER Polska\"},\"image\":{\"@id\":\"https:\/\/emerpolska.pl\/#\/schema\/logo\/image\/\"}}]}<\/script>\n<!-- \/ Yoast SEO plugin. -->","yoast_head_json":{"title":"Szybkoz\u0142\u0105cze gniazdo 3\/8 seria 21 stal nierdzewna - EMER Polska","robots":{"index":"index","follow":"follow","max-snippet":"max-snippet:-1","max-image-preview":"max-image-preview:large","max-video-preview":"max-video-preview:-1"},"canonical":"https:\/\/emerpolska.pl\/index.php\/produkt\/szybkozlacze-gniazdo-3-8-seria-21-stal-nierdzewna\/","og_locale":"pl_PL","og_type":"article","og_title":"Szybkoz\u0142\u0105cze gniazdo 3\/8 seria 21 stal nierdzewna - EMER Polska","og_description":"{&#8222;sections&#8221;:[{&#8222;items&#8221;:[{&#8222;type&#8221;:&#8221;TEXT&#8221;,&#8221;content&#8221;:&#8221; Szybkoz\u0142\u0105cze gniazdo 21 Typ 21 jest troch\u0119 wi\u0119ksz\u0105 wersj\u0105 serii 20. Idealnie dostosowane z\u0142\u0105cze do pracy w warunkach, gdzie miejsce nabiera szczeg\u00f3lnego znaczenia. &#8211; przy\u0142\u0105cze GZ 3\/8&#8243; &#8211; ci\u015bnienie robocze 0-35 bar &#8211; wydajno\u015b\u0107 = 560 l\/min &#8211; wersja mini &#8211; ci\u015bnienie wej\u015bciowe = 6 atm. &#8211; spadek ci\u015bnienia = 0,5 atm. &#8211; temperatura [&hellip;]","og_url":"https:\/\/emerpolska.pl\/index.php\/produkt\/szybkozlacze-gniazdo-3-8-seria-21-stal-nierdzewna\/","og_site_name":"EMER Polska","twitter_card":"summary_large_image","twitter_misc":{"Szacowany czas czytania":"1 minuta"},"schema":{"@context":"https:\/\/schema.org","@graph":[{"@type":"WebPage","@id":"https:\/\/emerpolska.pl\/index.php\/produkt\/szybkozlacze-gniazdo-3-8-seria-21-stal-nierdzewna\/","url":"https:\/\/emerpolska.pl\/index.php\/produkt\/szybkozlacze-gniazdo-3-8-seria-21-stal-nierdzewna\/","name":"Szybkoz\u0142\u0105cze gniazdo 3\/8 seria 21 stal nierdzewna - EMER Polska","isPartOf":{"@id":"https:\/\/emerpolska.pl\/#website"},"datePublished":"2025-07-24T21:20:59+00:00","breadcrumb":{"@id":"https:\/\/emerpolska.pl\/index.php\/produkt\/szybkozlacze-gniazdo-3-8-seria-21-stal-nierdzewna\/#breadcrumb"},"inLanguage":"pl-PL","potentialAction":[{"@type":"ReadAction","target":["https:\/\/emerpolska.pl\/index.php\/produkt\/szybkozlacze-gniazdo-3-8-seria-21-stal-nierdzewna\/"]}]},{"@type":"BreadcrumbList","@id":"https:\/\/emerpolska.pl\/index.php\/produkt\/szybkozlacze-gniazdo-3-8-seria-21-stal-nierdzewna\/#breadcrumb","itemListElement":[{"@type":"ListItem","position":1,"name":"Strona g\u0142\u00f3wna","item":"https:\/\/emerpolska.pl\/"},{"@type":"ListItem","position":2,"name":"Jeste\u015bmy w przygotowaniu. Ju\u017c wkr\u00f3tce.","item":"https:\/\/emerpolska.pl\/index.php\/shop\/"},{"@type":"ListItem","position":3,"name":"Szybkoz\u0142\u0105cze gniazdo 3\/8 seria 21 stal nierdzewna"}]},{"@type":"WebSite","@id":"https:\/\/emerpolska.pl\/#website","url":"https:\/\/emerpolska.pl\/","name":"EMER Polska","description":"Centrum Pneumatyki i Automatyki","publisher":{"@id":"https:\/\/emerpolska.pl\/#organization"},"potentialAction":[{"@type":"SearchAction","target":{"@type":"EntryPoint","urlTemplate":"https:\/\/emerpolska.pl\/?s={search_term_string}"},"query-input":{"@type":"PropertyValueSpecification","valueRequired":true,"valueName":"search_term_string"}}],"inLanguage":"pl-PL"},{"@type":"Organization","@id":"https:\/\/emerpolska.pl\/#organization","name":"EMER Polska","url":"https:\/\/emerpolska.pl\/","logo":{"@type":"ImageObject","inLanguage":"pl-PL","@id":"https:\/\/emerpolska.pl\/#\/schema\/logo\/image\/","url":"https:\/\/emerpolska.pl\/wp-content\/uploads\/2025\/07\/logo.jpg","contentUrl":"https:\/\/emerpolska.pl\/wp-content\/uploads\/2025\/07\/logo.jpg","width":1021,"height":362,"caption":"EMER Polska"},"image":{"@id":"https:\/\/emerpolska.pl\/#\/schema\/logo\/image\/"}}]}},"_links":{"self":[{"href":"https:\/\/emerpolska.pl\/index.php\/wp-json\/wp\/v2\/product\/994","targetHints":{"allow":["GET"]}}],"collection":[{"href":"https:\/\/emerpolska.pl\/index.php\/wp-json\/wp\/v2\/product"}],"about":[{"href":"https:\/\/emerpolska.pl\/index.php\/wp-json\/wp\/v2\/types\/product"}],"replies":[{"embeddable":true,"href":"https:\/\/emerpolska.pl\/index.php\/wp-json\/wp\/v2\/comments?post=994"}],"wp:attachment":[{"href":"https:\/\/emerpolska.pl\/index.php\/wp-json\/wp\/v2\/media?parent=994"}],"wp:term":[{"taxonomy":"product_brand","embeddable":true,"href":"https:\/\/emerpolska.pl\/index.php\/wp-json\/wp\/v2\/product_brand?post=994"},{"taxonomy":"product_cat","embeddable":true,"href":"https:\/\/emerpolska.pl\/index.php\/wp-json\/wp\/v2\/product_cat?post=994"},{"taxonomy":"product_tag","embeddable":true,"href":"https:\/\/emerpolska.pl\/index.php\/wp-json\/wp\/v2\/product_tag?post=994"}],"curies":[{"name":"wp","href":"https:\/\/api.w.org\/{rel}","templated":true}]}}